{"id":3468,"date":"2023-12-04T14:58:08","date_gmt":"2023-12-04T14:58:08","guid":{"rendered":"https:\/\/waaghaus.eu\/?post_type=events&#038;p=3468"},"modified":"2023-12-05T10:27:29","modified_gmt":"2023-12-05T10:27:29","slug":"ws-chi-ce-ce-meets-idm-film-jour-fixe","status":"publish","type":"events","link":"https:\/\/waaghaus.eu\/it\/eventi\/ws-chi-ce-ce-meets-idm-film-jour-fixe\/","title":{"rendered":"WS CHI C\u2019\u00c9 C\u2019\u00c9! meets IDM FILM JOUR FIXE"},"content":{"rendered":"<p>In collaborazione con l\u2019appuntamento CHI C\u2019\u00c9 C\u2019\u00c9! di Weigh Station e con la partecipazione di Perfas si terr\u00e0 l\u2019ultimo IDM Film Jour Fixe dell\u2019anno.<br \/>\nAl centro il tema del diritto d\u2019autore: come tutelarsi? Quali sono le buone pratiche da seguire nel settore audiovisivo?<br \/>\nOspite della serata sar\u00e0 Andrea Marco Ricci, avvocato esperto nel campo del diritto d\u2019autore e della legislazione dello spettacolo e consigliere di Nuovo IMAIE, realt\u00e0 fondata da artist* impegnata nella tutela dei diritti connessi allo sfruttamento di opere audiovisive e musicali che vengono trasmesse via radio, tv, web, esercizi pubblici. Il dialogo con l\u2019ospite sar\u00e0 moderato da Thomas Ober Maniacco, musicista e direttore generale di PERFAS \u2013 Performing Artists South Tyrol.<br \/>\nIl talk \u00e8 aperto a tutt* gli\/le interessat* artist*, musicist*, produttori\/rici, filmmaker.<br \/>\nDopo l\u2019evento gli\/le ospiti potranno continuare la conversazione con un aperitivo, sar\u00e0 un\u2019ottima occasione anche per ritrovarsi per un brindisi prima delle festivit\u00e0 natalizie!<\/p>\n<p>ANDREA MARCO RICCI \u2013 BIO<br \/>\nlaureato cum laude in Giurisprudenza presso l\u2019Alma Mater Studiorum \u2013 Universit\u00e0 di Bologna, \u00e8 autore e curatore di numerosi contributi scientifici e divulgativi in materia di propriet\u00e0 intellettuale, Digital Rights Management e diritto delle nuove tecnologie e sugli stessi temi ha partecipato come relatore e docente nell\u2019ambito di convegni, corsi di laurea e post\u2013laurea.<br \/>\nAvvocato, svolge un\u2019intensa attivit\u00e0 didattica e di consulenza legale, nel campo del diritto d\u2019autore e della legislazione dello spettacolo e ha collaborato con diverse riviste giuridiche e di musica. \u00c8 stato membro del Comitato per la revisione dello Statuto e dei Regolamenti della SIAE (2007-2011), del Comitato Consultivo di Assistenza e Controllo del Nuovo IMAIE (2011-2013), di cui ha assistito alla fondazione e di cui \u00e8 dal 2013 Consigliere di Amministrazione.<\/p>\n<p>THOMAS OBER MANIACCO<br \/>\nLavora come musicista dal 2013, \u00e8 un trombettista professionista, cantante, autore di canzoni e arrangiatore\/produttore.<br \/>\nDal 2013 \u00e8 attivo nella band pop-folk \u201cColor Colectif\u201d, dal 2014 \u00e8 membro della big band \u201cShanti Powa\u201d e dal 2022 porta avanti un progetto solista di musica prevalentemente Dub\/Soundsystem: \u201cAthomos\u201d. Dal maggio 2022 \u00e8 responsabile dello sportello informativo SIAE\/INPS (ex-ENPALS) all\u2019interno del Centro di Formazione Alto Adige di Bolzano (\u00e8 specializzato in diritto d\u2019autore) e dal febbraio 2023 \u00e8 direttore generale di PERFAS.<\/p>\n<p>Quando: mercoled\u00ec 13 dicembre 2023, ore 18:30<br \/>\nDove: Casa della Pesa a Bolzano, Waag +2<br \/>\nLingua: Italiano con moderazione in italiano e tedesco<br \/>\nIngresso: libero, nessuna registrazione necessaria<\/p>\n<p>In collaborazione con IDM Film Fund &amp; Commission + Perfas<\/p>\n","protected":false},"excerpt":{"rendered":"<p>In collaborazione con l\u2019appuntamento CHI C\u2019\u00c9 C\u2019\u00c9! di Weigh Station e con la partecipazione di Perfas si terr\u00e0 l\u2019ultimo IDM Film Jour Fixe dell\u2019anno. Al centro il tema del diritto d\u2019autore: come tutelarsi? Quali sono le buone pratiche da seguire nel settore audiovisivo? Ospite della serata sar\u00e0 Andrea Marco Ricci, avvocato esperto nel campo del [&hellip;]<\/p>\n","protected":false},"featured_media":3469,"template":"","class_list":["post-3468","events","type-events","status-publish","has-post-thumbnail","hentry"],"acf":[],"yoast_head":"<!-- This site is optimized with the Yoast SEO plugin v27.5 - https:\/\/yoast.com\/product\/yoast-seo-wordpress\/ -->\n<title>WS CHI C\u2019\u00c9 C\u2019\u00c9! meets IDM FILM JOUR FIXE - WAAG<\/title>\n<meta name=\"robots\" content=\"index, follow, max-snippet:-1, max-image-preview:large, max-video-preview:-1\" \/>\n<link rel=\"canonical\" href=\"https:\/\/waaghaus.eu\/it\/eventi\/ws-chi-ce-ce-meets-idm-film-jour-fixe\/\" \/>\n<meta property=\"og:locale\" content=\"it_IT\" \/>\n<meta property=\"og:type\" content=\"article\" \/>\n<meta property=\"og:title\" content=\"WS CHI C\u2019\u00c9 C\u2019\u00c9! meets IDM FILM JOUR FIXE - WAAG\" \/>\n<meta property=\"og:description\" content=\"In collaborazione con l\u2019appuntamento CHI C\u2019\u00c9 C\u2019\u00c9! di Weigh Station e con la partecipazione di Perfas si terr\u00e0 l\u2019ultimo IDM Film Jour Fixe dell\u2019anno. Al centro il tema del diritto d\u2019autore: come tutelarsi? Quali sono le buone pratiche da seguire nel settore audiovisivo? Ospite della serata sar\u00e0 Andrea Marco Ricci, avvocato esperto nel campo del [&hellip;]\" \/>\n<meta property=\"og:url\" content=\"https:\/\/waaghaus.eu\/it\/eventi\/ws-chi-ce-ce-meets-idm-film-jour-fixe\/\" \/>\n<meta property=\"og:site_name\" content=\"WAAG\" \/>\n<meta property=\"article:modified_time\" content=\"2023-12-05T10:27:29+00:00\" \/>\n<meta property=\"og:image\" content=\"https:\/\/waaghaus.eu\/wp-content\/uploads\/2023\/12\/Instagram-Post-IDMFilmJourFixe.jpg\" \/>\n\t<meta property=\"og:image:width\" content=\"2250\" \/>\n\t<meta property=\"og:image:height\" content=\"2250\" \/>\n\t<meta property=\"og:image:type\" content=\"image\/jpeg\" \/>\n<meta name=\"twitter:card\" content=\"summary_large_image\" \/>\n<meta name=\"twitter:label1\" content=\"Tempo di lettura stimato\" \/>\n\t<meta name=\"twitter:data1\" content=\"2 minuti\" \/>\n<script type=\"application\/ld+json\" class=\"yoast-schema-graph\">{\"@context\":\"https:\\\/\\\/schema.org\",\"@graph\":[{\"@type\":\"WebPage\",\"@id\":\"https:\\\/\\\/waaghaus.eu\\\/it\\\/eventi\\\/ws-chi-ce-ce-meets-idm-film-jour-fixe\\\/\",\"url\":\"https:\\\/\\\/waaghaus.eu\\\/it\\\/eventi\\\/ws-chi-ce-ce-meets-idm-film-jour-fixe\\\/\",\"name\":\"WS CHI C\u2019\u00c9 C\u2019\u00c9! meets IDM FILM JOUR FIXE - WAAG\",\"isPartOf\":{\"@id\":\"https:\\\/\\\/waaghaus.eu\\\/it\\\/#website\"},\"primaryImageOfPage\":{\"@id\":\"https:\\\/\\\/waaghaus.eu\\\/it\\\/eventi\\\/ws-chi-ce-ce-meets-idm-film-jour-fixe\\\/#primaryimage\"},\"image\":{\"@id\":\"https:\\\/\\\/waaghaus.eu\\\/it\\\/eventi\\\/ws-chi-ce-ce-meets-idm-film-jour-fixe\\\/#primaryimage\"},\"thumbnailUrl\":\"https:\\\/\\\/waaghaus.eu\\\/wp-content\\\/uploads\\\/2023\\\/12\\\/Instagram-Post-IDMFilmJourFixe.jpg\",\"datePublished\":\"2023-12-04T14:58:08+00:00\",\"dateModified\":\"2023-12-05T10:27:29+00:00\",\"breadcrumb\":{\"@id\":\"https:\\\/\\\/waaghaus.eu\\\/it\\\/eventi\\\/ws-chi-ce-ce-meets-idm-film-jour-fixe\\\/#breadcrumb\"},\"inLanguage\":\"it-IT\",\"potentialAction\":[{\"@type\":\"ReadAction\",\"target\":[\"https:\\\/\\\/waaghaus.eu\\\/it\\\/eventi\\\/ws-chi-ce-ce-meets-idm-film-jour-fixe\\\/\"]}]},{\"@type\":\"ImageObject\",\"inLanguage\":\"it-IT\",\"@id\":\"https:\\\/\\\/waaghaus.eu\\\/it\\\/eventi\\\/ws-chi-ce-ce-meets-idm-film-jour-fixe\\\/#primaryimage\",\"url\":\"https:\\\/\\\/waaghaus.eu\\\/wp-content\\\/uploads\\\/2023\\\/12\\\/Instagram-Post-IDMFilmJourFixe.jpg\",\"contentUrl\":\"https:\\\/\\\/waaghaus.eu\\\/wp-content\\\/uploads\\\/2023\\\/12\\\/Instagram-Post-IDMFilmJourFixe.jpg\",\"width\":2250,\"height\":2250},{\"@type\":\"BreadcrumbList\",\"@id\":\"https:\\\/\\\/waaghaus.eu\\\/it\\\/eventi\\\/ws-chi-ce-ce-meets-idm-film-jour-fixe\\\/#breadcrumb\",\"itemListElement\":[{\"@type\":\"ListItem\",\"position\":1,\"name\":\"Home\",\"item\":\"https:\\\/\\\/waaghaus.eu\\\/it\\\/\"},{\"@type\":\"ListItem\",\"position\":2,\"name\":\"Events\",\"item\":\"https:\\\/\\\/waaghaus.eu\\\/it\\\/eventi\\\/\"},{\"@type\":\"ListItem\",\"position\":3,\"name\":\"WS CHI C\u2019\u00c9 C\u2019\u00c9! meets IDM FILM JOUR FIXE\"}]},{\"@type\":\"WebSite\",\"@id\":\"https:\\\/\\\/waaghaus.eu\\\/it\\\/#website\",\"url\":\"https:\\\/\\\/waaghaus.eu\\\/it\\\/\",\"name\":\"WAAG\",\"description\":\" a space that is alive for free spirits\",\"potentialAction\":[{\"@type\":\"SearchAction\",\"target\":{\"@type\":\"EntryPoint\",\"urlTemplate\":\"https:\\\/\\\/waaghaus.eu\\\/it\\\/?s={search_term_string}\"},\"query-input\":{\"@type\":\"PropertyValueSpecification\",\"valueRequired\":true,\"valueName\":\"search_term_string\"}}],\"inLanguage\":\"it-IT\"}]}<\/script>\n<!-- \/ Yoast SEO plugin. -->","yoast_head_json":{"title":"WS CHI C\u2019\u00c9 C\u2019\u00c9! meets IDM FILM JOUR FIXE - WAAG","robots":{"index":"index","follow":"follow","max-snippet":"max-snippet:-1","max-image-preview":"max-image-preview:large","max-video-preview":"max-video-preview:-1"},"canonical":"https:\/\/waaghaus.eu\/it\/eventi\/ws-chi-ce-ce-meets-idm-film-jour-fixe\/","og_locale":"it_IT","og_type":"article","og_title":"WS CHI C\u2019\u00c9 C\u2019\u00c9! meets IDM FILM JOUR FIXE - WAAG","og_description":"In collaborazione con l\u2019appuntamento CHI C\u2019\u00c9 C\u2019\u00c9! di Weigh Station e con la partecipazione di Perfas si terr\u00e0 l\u2019ultimo IDM Film Jour Fixe dell\u2019anno. Al centro il tema del diritto d\u2019autore: come tutelarsi? Quali sono le buone pratiche da seguire nel settore audiovisivo? Ospite della serata sar\u00e0 Andrea Marco Ricci, avvocato esperto nel campo del [&hellip;]","og_url":"https:\/\/waaghaus.eu\/it\/eventi\/ws-chi-ce-ce-meets-idm-film-jour-fixe\/","og_site_name":"WAAG","article_modified_time":"2023-12-05T10:27:29+00:00","og_image":[{"width":2250,"height":2250,"url":"https:\/\/waaghaus.eu\/wp-content\/uploads\/2023\/12\/Instagram-Post-IDMFilmJourFixe.jpg","type":"image\/jpeg"}],"twitter_card":"summary_large_image","twitter_misc":{"Tempo di lettura stimato":"2 minuti"},"schema":{"@context":"https:\/\/schema.org","@graph":[{"@type":"WebPage","@id":"https:\/\/waaghaus.eu\/it\/eventi\/ws-chi-ce-ce-meets-idm-film-jour-fixe\/","url":"https:\/\/waaghaus.eu\/it\/eventi\/ws-chi-ce-ce-meets-idm-film-jour-fixe\/","name":"WS CHI C\u2019\u00c9 C\u2019\u00c9! meets IDM FILM JOUR FIXE - WAAG","isPartOf":{"@id":"https:\/\/waaghaus.eu\/it\/#website"},"primaryImageOfPage":{"@id":"https:\/\/waaghaus.eu\/it\/eventi\/ws-chi-ce-ce-meets-idm-film-jour-fixe\/#primaryimage"},"image":{"@id":"https:\/\/waaghaus.eu\/it\/eventi\/ws-chi-ce-ce-meets-idm-film-jour-fixe\/#primaryimage"},"thumbnailUrl":"https:\/\/waaghaus.eu\/wp-content\/uploads\/2023\/12\/Instagram-Post-IDMFilmJourFixe.jpg","datePublished":"2023-12-04T14:58:08+00:00","dateModified":"2023-12-05T10:27:29+00:00","breadcrumb":{"@id":"https:\/\/waaghaus.eu\/it\/eventi\/ws-chi-ce-ce-meets-idm-film-jour-fixe\/#breadcrumb"},"inLanguage":"it-IT","potentialAction":[{"@type":"ReadAction","target":["https:\/\/waaghaus.eu\/it\/eventi\/ws-chi-ce-ce-meets-idm-film-jour-fixe\/"]}]},{"@type":"ImageObject","inLanguage":"it-IT","@id":"https:\/\/waaghaus.eu\/it\/eventi\/ws-chi-ce-ce-meets-idm-film-jour-fixe\/#primaryimage","url":"https:\/\/waaghaus.eu\/wp-content\/uploads\/2023\/12\/Instagram-Post-IDMFilmJourFixe.jpg","contentUrl":"https:\/\/waaghaus.eu\/wp-content\/uploads\/2023\/12\/Instagram-Post-IDMFilmJourFixe.jpg","width":2250,"height":2250},{"@type":"BreadcrumbList","@id":"https:\/\/waaghaus.eu\/it\/eventi\/ws-chi-ce-ce-meets-idm-film-jour-fixe\/#breadcrumb","itemListElement":[{"@type":"ListItem","position":1,"name":"Home","item":"https:\/\/waaghaus.eu\/it\/"},{"@type":"ListItem","position":2,"name":"Events","item":"https:\/\/waaghaus.eu\/it\/eventi\/"},{"@type":"ListItem","position":3,"name":"WS CHI C\u2019\u00c9 C\u2019\u00c9! meets IDM FILM JOUR FIXE"}]},{"@type":"WebSite","@id":"https:\/\/waaghaus.eu\/it\/#website","url":"https:\/\/waaghaus.eu\/it\/","name":"WAAG","description":" a space that is alive for free spirits","potentialAction":[{"@type":"SearchAction","target":{"@type":"EntryPoint","urlTemplate":"https:\/\/waaghaus.eu\/it\/?s={search_term_string}"},"query-input":{"@type":"PropertyValueSpecification","valueRequired":true,"valueName":"search_term_string"}}],"inLanguage":"it-IT"}]}},"_links":{"self":[{"href":"https:\/\/waaghaus.eu\/it\/wp-json\/wp\/v2\/events\/3468","targetHints":{"allow":["GET"]}}],"collection":[{"href":"https:\/\/waaghaus.eu\/it\/wp-json\/wp\/v2\/events"}],"about":[{"href":"https:\/\/waaghaus.eu\/it\/wp-json\/wp\/v2\/types\/events"}],"wp:featuredmedia":[{"embeddable":true,"href":"https:\/\/waaghaus.eu\/it\/wp-json\/wp\/v2\/media\/3469"}],"wp:attachment":[{"href":"https:\/\/waaghaus.eu\/it\/wp-json\/wp\/v2\/media?parent=3468"}],"curies":[{"name":"wp","href":"https:\/\/api.w.org\/{rel}","templated":true}]}}

WS CHI C’É C’É! meets IDM FILM JOUR FIXE

<p>In collaborazione con l’appuntamento CHI C’É C’É! di Weigh Station e con la partecipazione di Perfas si terrà l’ultimo IDM Film Jour Fixe dell’anno.<br />
Al centro il tema del diritto d’autore: come tutelarsi? Quali sono le buone pratiche da seguire nel settore audiovisivo?<br />
Ospite della serata sarà Andrea Marco Ricci, avvocato esperto nel campo del diritto d’autore e della legislazione dello spettacolo e consigliere di Nuovo IMAIE, realtà fondata da artist* impegnata nella tutela dei diritti connessi allo sfruttamento di opere audiovisive e musicali che vengono trasmesse via radio, tv, web, esercizi pubblici. Il dialogo con l’ospite sarà moderato da Thomas Ober Maniacco, musicista e direttore generale di PERFAS – Performing Artists South Tyrol.<br />
Il talk è aperto a tutt* gli/le interessat* artist*, musicist*, produttori/rici, filmmaker.<br />
Dopo l’evento gli/le ospiti potranno continuare la conversazione con un aperitivo, sarà un’ottima occasione anche per ritrovarsi per un brindisi prima delle festività natalizie!</p>
<p>ANDREA MARCO RICCI – BIO<br />
laureato cum laude in Giurisprudenza presso l’Alma Mater Studiorum – Università di Bologna, è autore e curatore di numerosi contributi scientifici e divulgativi in materia di proprietà intellettuale, Digital Rights Management e diritto delle nuove tecnologie e sugli stessi temi ha partecipato come relatore e docente nell’ambito di convegni, corsi di laurea e post–laurea.<br />
Avvocato, svolge un’intensa attività didattica e di consulenza legale, nel campo del diritto d’autore e della legislazione dello spettacolo e ha collaborato con diverse riviste giuridiche e di musica. È stato membro del Comitato per la revisione dello Statuto e dei Regolamenti della SIAE (2007-2011), del Comitato Consultivo di Assistenza e Controllo del Nuovo IMAIE (2011-2013), di cui ha assistito alla fondazione e di cui è dal 2013 Consigliere di Amministrazione.</p>
<p>THOMAS OBER MANIACCO<br />
Lavora come musicista dal 2013, è un trombettista professionista, cantante, autore di canzoni e arrangiatore/produttore.<br />
Dal 2013 è attivo nella band pop-folk “Color Colectif”, dal 2014 è membro della big band “Shanti Powa” e dal 2022 porta avanti un progetto solista di musica prevalentemente Dub/Soundsystem: “Athomos”. Dal maggio 2022 è responsabile dello sportello informativo SIAE/INPS (ex-ENPALS) all’interno del Centro di Formazione Alto Adige di Bolzano (è specializzato in diritto d’autore) e dal febbraio 2023 è direttore generale di PERFAS.</p>
<p>Quando: mercoledì 13 dicembre 2023, ore 18:30<br />
Dove: Casa della Pesa a Bolzano, Waag +2<br />
Lingua: Italiano con moderazione in italiano e tedesco<br />
Ingresso: libero, nessuna registrazione necessaria</p>
<p>In collaborazione con IDM Film Fund &amp; Commission + Perfas</p>

<p>In collaborazione con l’appuntamento CHI C’É C’É! di Weigh Station e con la partecipazione di Perfas si terrà l’ultimo IDM Film Jour Fixe dell’anno. Al centro il tema del diritto d’autore: come tutelarsi? Quali sono le buone pratiche da seguire nel settore audiovisivo? Ospite della serata sarà Andrea Marco Ricci, avvocato esperto nel campo del [&hellip;]</p>

<!-- This site is optimized with the Yoast SEO plugin v27.5 - https://yoast.com/product/yoast-seo-wordpress/ -->
<title>WS CHI C’É C’É! meets IDM FILM JOUR FIXE - WAAG</title>
<meta name="robots" content="index, follow, max-snippet:-1, max-image-preview:large, max-video-preview:-1" />
<link rel="canonical" href="https://waaghaus.eu/it/eventi/ws-chi-ce-ce-meets-idm-film-jour-fixe/" />
<meta property="og:locale" content="it_IT" />
<meta property="og:type" content="article" />
<meta property="og:title" content="WS CHI C’É C’É! meets IDM FILM JOUR FIXE - WAAG" />
<meta property="og:description" content="In collaborazione con l’appuntamento CHI C’É C’É! di Weigh Station e con la partecipazione di Perfas si terrà l’ultimo IDM Film Jour Fixe dell’anno. Al centro il tema del diritto d’autore: come tutelarsi? Quali sono le buone pratiche da seguire nel settore audiovisivo? Ospite della serata sarà Andrea Marco Ricci, avvocato esperto nel campo del [&hellip;]" />
<meta property="og:url" content="https://waaghaus.eu/it/eventi/ws-chi-ce-ce-meets-idm-film-jour-fixe/" />
<meta property="og:site_name" content="WAAG" />
<meta property="article:modified_time" content="2023-12-05T10:27:29+00:00" />
<meta property="og:image" content="https://waaghaus.eu/wp-content/uploads/2023/12/Instagram-Post-IDMFilmJourFixe.jpg" />
	<meta property="og:image:width" content="2250" />
	<meta property="og:image:height" content="2250" />
	<meta property="og:image:type" content="image/jpeg" />
<meta name="twitter:card" content="summary_large_image" />
<meta name="twitter:label1" content="Tempo di lettura stimato" />
	<meta name="twitter:data1" content="2 minuti" />
<script type="application/ld+json" class="yoast-schema-graph">{"@context":"https:\/\/schema.org","@graph":[{"@type":"WebPage","@id":"https:\/\/waaghaus.eu\/it\/eventi\/ws-chi-ce-ce-meets-idm-film-jour-fixe\/","url":"https:\/\/waaghaus.eu\/it\/eventi\/ws-chi-ce-ce-meets-idm-film-jour-fixe\/","name":"WS CHI C’É C’É! meets IDM FILM JOUR FIXE - WAAG","isPartOf":{"@id":"https:\/\/waaghaus.eu\/it\/#website"},"primaryImageOfPage":{"@id":"https:\/\/waaghaus.eu\/it\/eventi\/ws-chi-ce-ce-meets-idm-film-jour-fixe\/#primaryimage"},"image":{"@id":"https:\/\/waaghaus.eu\/it\/eventi\/ws-chi-ce-ce-meets-idm-film-jour-fixe\/#primaryimage"},"thumbnailUrl":"https:\/\/waaghaus.eu\/wp-content\/uploads\/2023\/12\/Instagram-Post-IDMFilmJourFixe.jpg","datePublished":"2023-12-04T14:58:08+00:00","dateModified":"2023-12-05T10:27:29+00:00","breadcrumb":{"@id":"https:\/\/waaghaus.eu\/it\/eventi\/ws-chi-ce-ce-meets-idm-film-jour-fixe\/#breadcrumb"},"inLanguage":"it-IT","potentialAction":[{"@type":"ReadAction","target":["https:\/\/waaghaus.eu\/it\/eventi\/ws-chi-ce-ce-meets-idm-film-jour-fixe\/"]}]},{"@type":"ImageObject","inLanguage":"it-IT","@id":"https:\/\/waaghaus.eu\/it\/eventi\/ws-chi-ce-ce-meets-idm-film-jour-fixe\/#primaryimage","url":"https:\/\/waaghaus.eu\/wp-content\/uploads\/2023\/12\/Instagram-Post-IDMFilmJourFixe.jpg","contentUrl":"https:\/\/waaghaus.eu\/wp-content\/uploads\/2023\/12\/Instagram-Post-IDMFilmJourFixe.jpg","width":2250,"height":2250},{"@type":"BreadcrumbList","@id":"https:\/\/waaghaus.eu\/it\/eventi\/ws-chi-ce-ce-meets-idm-film-jour-fixe\/#breadcrumb","itemListElement":[{"@type":"ListItem","position":1,"name":"Home","item":"https:\/\/waaghaus.eu\/it\/"},{"@type":"ListItem","position":2,"name":"Events","item":"https:\/\/waaghaus.eu\/it\/eventi\/"},{"@type":"ListItem","position":3,"name":"WS CHI C’É C’É! meets IDM FILM JOUR FIXE"}]},{"@type":"WebSite","@id":"https:\/\/waaghaus.eu\/it\/#website","url":"https:\/\/waaghaus.eu\/it\/","name":"WAAG","description":" a space that is alive for free spirits","potentialAction":[{"@type":"SearchAction","target":{"@type":"EntryPoint","urlTemplate":"https:\/\/waaghaus.eu\/it\/?s={search_term_string}"},"query-input":{"@type":"PropertyValueSpecification","valueRequired":true,"valueName":"search_term_string"}}],"inLanguage":"it-IT"}]}</script>
<!-- / Yoast SEO plugin. -->

WS CHI C’É C’É! meets IDM FILM JOUR FIXE - WAAG

In collaborazione con l’appuntamento CHI C’É C’É! di Weigh Station e con la partecipazione di Perfas si terrà l’ultimo IDM Film Jour Fixe dell’anno. Al centro il tema del diritto d’autore: come tutelarsi? Quali sono le buone pratiche da seguire nel settore audiovisivo? Ospite della serata sarà Andrea Marco Ricci, avvocato esperto nel campo del [&hellip;]
