{"id":3424,"date":"2023-11-16T14:52:15","date_gmt":"2023-11-16T14:52:15","guid":{"rendered":"https:\/\/waaghaus.eu\/?post_type=events&#038;p=3424"},"modified":"2023-11-16T14:52:15","modified_gmt":"2023-11-16T14:52:15","slug":"il-mio-nome-e-anna-presentazione-del-libro","status":"publish","type":"events","link":"https:\/\/waaghaus.eu\/it\/eventi\/il-mio-nome-e-anna-presentazione-del-libro\/","title":{"rendered":"IL MIO NOME E&#8217; ANNA &#8211; Presentazione del libro"},"content":{"rendered":"<p class=\"p1\">Palermo, chiassosa ed esuberante, nobile e plebea, racchiude in s\u00e9 l&#8217;eterogeneit\u00e0 degli elementi che tendono a classificarla come una citt\u00e0 fuori dal comune. I suoi colori, gli odori, il vocio continuo della gente e i vari stili architettonici contribuiscono a diffondere quella confusione che caratterizza le citt\u00e0 tipicamente orientali. \u00c8 la citt\u00e0 di Anna. Lei, cos\u00ec fuori dagli schemi. Ama immergersi nel sogno per scelta, per sopravvivere al caos che la circonda, per proteggersi. I suoi pensieri sono organizzati, mai confusi, sa sempre come procedere in modo ordinato. Racchiusa nel suo mondo, difficilmente socializza; quasi da spettatrice assiste a ci\u00f2 che vive intorno a s\u00e9, ma solo nel suo sogno \u00e8 protagonista assoluta, l\u00ec tutto avviene e si compie. Ma poi inaspettatamente arriva Robert, totalmente diverso da lei, con un passato difficile, proveniente da una famiglia che non perdona il camminare fuori dalle righe, il cantare fuori dal coro. La loro storia d&#8217;amore, breve ma intensa, subir\u00e0 momenti drammatici. Troppo giovani per sostenere un carico cos\u00ec pesante, ma soprattutto incapaci e impossibilitati ad allontanarsi da certi schemi familiari. Il mio nome \u00e8 Anna di Stefania Scarnato, \u00e8 un ritratto delicato ma d&#8217;effetto della fragile e controversa societ\u00e0 giovanile odierna.<\/p>\n","protected":false},"excerpt":{"rendered":"<p>Palermo, chiassosa ed esuberante, nobile e plebea, racchiude in s\u00e9 l&#8217;eterogeneit\u00e0 degli elementi che tendono a classificarla come una citt\u00e0 fuori dal comune. I suoi colori, gli odori, il vocio continuo della gente e i vari stili architettonici contribuiscono a diffondere quella confusione che caratterizza le citt\u00e0 tipicamente orientali. \u00c8 la citt\u00e0 di Anna. Lei, [&hellip;]<\/p>\n","protected":false},"featured_media":3425,"template":"","class_list":["post-3424","events","type-events","status-publish","has-post-thumbnail","hentry"],"acf":[],"yoast_head":"<!-- This site is optimized with the Yoast SEO plugin v27.5 - https:\/\/yoast.com\/product\/yoast-seo-wordpress\/ -->\n<title>IL MIO NOME E&#039; ANNA - Presentazione del libro - WAAG<\/title>\n<meta name=\"robots\" content=\"index, follow, max-snippet:-1, max-image-preview:large, max-video-preview:-1\" \/>\n<link rel=\"canonical\" href=\"https:\/\/waaghaus.eu\/it\/eventi\/il-mio-nome-e-anna-presentazione-del-libro\/\" \/>\n<meta property=\"og:locale\" content=\"it_IT\" \/>\n<meta property=\"og:type\" content=\"article\" \/>\n<meta property=\"og:title\" content=\"IL MIO NOME E&#039; ANNA - Presentazione del libro - WAAG\" \/>\n<meta property=\"og:description\" content=\"Palermo, chiassosa ed esuberante, nobile e plebea, racchiude in s\u00e9 l&#8217;eterogeneit\u00e0 degli elementi che tendono a classificarla come una citt\u00e0 fuori dal comune. I suoi colori, gli odori, il vocio continuo della gente e i vari stili architettonici contribuiscono a diffondere quella confusione che caratterizza le citt\u00e0 tipicamente orientali. \u00c8 la citt\u00e0 di Anna. Lei, [&hellip;]\" \/>\n<meta property=\"og:url\" content=\"https:\/\/waaghaus.eu\/it\/eventi\/il-mio-nome-e-anna-presentazione-del-libro\/\" \/>\n<meta property=\"og:site_name\" content=\"WAAG\" \/>\n<meta property=\"og:image\" content=\"https:\/\/waaghaus.eu\/wp-content\/uploads\/2023\/11\/Copertina-Scarnato-e1700146323812.jpg\" \/>\n\t<meta property=\"og:image:width\" content=\"311\" \/>\n\t<meta property=\"og:image:height\" content=\"311\" \/>\n\t<meta property=\"og:image:type\" content=\"image\/jpeg\" \/>\n<meta name=\"twitter:card\" content=\"summary_large_image\" \/>\n<meta name=\"twitter:label1\" content=\"Tempo di lettura stimato\" \/>\n\t<meta name=\"twitter:data1\" content=\"1 minuto\" \/>\n<script type=\"application\/ld+json\" class=\"yoast-schema-graph\">{\"@context\":\"https:\\\/\\\/schema.org\",\"@graph\":[{\"@type\":\"WebPage\",\"@id\":\"https:\\\/\\\/waaghaus.eu\\\/it\\\/eventi\\\/il-mio-nome-e-anna-presentazione-del-libro\\\/\",\"url\":\"https:\\\/\\\/waaghaus.eu\\\/it\\\/eventi\\\/il-mio-nome-e-anna-presentazione-del-libro\\\/\",\"name\":\"IL MIO NOME E' ANNA - Presentazione del libro - WAAG\",\"isPartOf\":{\"@id\":\"https:\\\/\\\/waaghaus.eu\\\/it\\\/#website\"},\"primaryImageOfPage\":{\"@id\":\"https:\\\/\\\/waaghaus.eu\\\/it\\\/eventi\\\/il-mio-nome-e-anna-presentazione-del-libro\\\/#primaryimage\"},\"image\":{\"@id\":\"https:\\\/\\\/waaghaus.eu\\\/it\\\/eventi\\\/il-mio-nome-e-anna-presentazione-del-libro\\\/#primaryimage\"},\"thumbnailUrl\":\"https:\\\/\\\/waaghaus.eu\\\/wp-content\\\/uploads\\\/2023\\\/11\\\/Copertina-Scarnato-e1700146323812.jpg\",\"datePublished\":\"2023-11-16T14:52:15+00:00\",\"breadcrumb\":{\"@id\":\"https:\\\/\\\/waaghaus.eu\\\/it\\\/eventi\\\/il-mio-nome-e-anna-presentazione-del-libro\\\/#breadcrumb\"},\"inLanguage\":\"it-IT\",\"potentialAction\":[{\"@type\":\"ReadAction\",\"target\":[\"https:\\\/\\\/waaghaus.eu\\\/it\\\/eventi\\\/il-mio-nome-e-anna-presentazione-del-libro\\\/\"]}]},{\"@type\":\"ImageObject\",\"inLanguage\":\"it-IT\",\"@id\":\"https:\\\/\\\/waaghaus.eu\\\/it\\\/eventi\\\/il-mio-nome-e-anna-presentazione-del-libro\\\/#primaryimage\",\"url\":\"https:\\\/\\\/waaghaus.eu\\\/wp-content\\\/uploads\\\/2023\\\/11\\\/Copertina-Scarnato-e1700146323812.jpg\",\"contentUrl\":\"https:\\\/\\\/waaghaus.eu\\\/wp-content\\\/uploads\\\/2023\\\/11\\\/Copertina-Scarnato-e1700146323812.jpg\",\"width\":311,\"height\":311},{\"@type\":\"BreadcrumbList\",\"@id\":\"https:\\\/\\\/waaghaus.eu\\\/it\\\/eventi\\\/il-mio-nome-e-anna-presentazione-del-libro\\\/#breadcrumb\",\"itemListElement\":[{\"@type\":\"ListItem\",\"position\":1,\"name\":\"Home\",\"item\":\"https:\\\/\\\/waaghaus.eu\\\/it\\\/\"},{\"@type\":\"ListItem\",\"position\":2,\"name\":\"Events\",\"item\":\"https:\\\/\\\/waaghaus.eu\\\/it\\\/eventi\\\/\"},{\"@type\":\"ListItem\",\"position\":3,\"name\":\"IL MIO NOME E&#8217; ANNA &#8211; Presentazione del libro\"}]},{\"@type\":\"WebSite\",\"@id\":\"https:\\\/\\\/waaghaus.eu\\\/it\\\/#website\",\"url\":\"https:\\\/\\\/waaghaus.eu\\\/it\\\/\",\"name\":\"WAAG\",\"description\":\" a space that is alive for free spirits\",\"potentialAction\":[{\"@type\":\"SearchAction\",\"target\":{\"@type\":\"EntryPoint\",\"urlTemplate\":\"https:\\\/\\\/waaghaus.eu\\\/it\\\/?s={search_term_string}\"},\"query-input\":{\"@type\":\"PropertyValueSpecification\",\"valueRequired\":true,\"valueName\":\"search_term_string\"}}],\"inLanguage\":\"it-IT\"}]}<\/script>\n<!-- \/ Yoast SEO plugin. -->","yoast_head_json":{"title":"IL MIO NOME E' ANNA - Presentazione del libro - WAAG","robots":{"index":"index","follow":"follow","max-snippet":"max-snippet:-1","max-image-preview":"max-image-preview:large","max-video-preview":"max-video-preview:-1"},"canonical":"https:\/\/waaghaus.eu\/it\/eventi\/il-mio-nome-e-anna-presentazione-del-libro\/","og_locale":"it_IT","og_type":"article","og_title":"IL MIO NOME E' ANNA - Presentazione del libro - WAAG","og_description":"Palermo, chiassosa ed esuberante, nobile e plebea, racchiude in s\u00e9 l&#8217;eterogeneit\u00e0 degli elementi che tendono a classificarla come una citt\u00e0 fuori dal comune. I suoi colori, gli odori, il vocio continuo della gente e i vari stili architettonici contribuiscono a diffondere quella confusione che caratterizza le citt\u00e0 tipicamente orientali. \u00c8 la citt\u00e0 di Anna. Lei, [&hellip;]","og_url":"https:\/\/waaghaus.eu\/it\/eventi\/il-mio-nome-e-anna-presentazione-del-libro\/","og_site_name":"WAAG","og_image":[{"width":311,"height":311,"url":"https:\/\/waaghaus.eu\/wp-content\/uploads\/2023\/11\/Copertina-Scarnato-e1700146323812.jpg","type":"image\/jpeg"}],"twitter_card":"summary_large_image","twitter_misc":{"Tempo di lettura stimato":"1 minuto"},"schema":{"@context":"https:\/\/schema.org","@graph":[{"@type":"WebPage","@id":"https:\/\/waaghaus.eu\/it\/eventi\/il-mio-nome-e-anna-presentazione-del-libro\/","url":"https:\/\/waaghaus.eu\/it\/eventi\/il-mio-nome-e-anna-presentazione-del-libro\/","name":"IL MIO NOME E' ANNA - Presentazione del libro - WAAG","isPartOf":{"@id":"https:\/\/waaghaus.eu\/it\/#website"},"primaryImageOfPage":{"@id":"https:\/\/waaghaus.eu\/it\/eventi\/il-mio-nome-e-anna-presentazione-del-libro\/#primaryimage"},"image":{"@id":"https:\/\/waaghaus.eu\/it\/eventi\/il-mio-nome-e-anna-presentazione-del-libro\/#primaryimage"},"thumbnailUrl":"https:\/\/waaghaus.eu\/wp-content\/uploads\/2023\/11\/Copertina-Scarnato-e1700146323812.jpg","datePublished":"2023-11-16T14:52:15+00:00","breadcrumb":{"@id":"https:\/\/waaghaus.eu\/it\/eventi\/il-mio-nome-e-anna-presentazione-del-libro\/#breadcrumb"},"inLanguage":"it-IT","potentialAction":[{"@type":"ReadAction","target":["https:\/\/waaghaus.eu\/it\/eventi\/il-mio-nome-e-anna-presentazione-del-libro\/"]}]},{"@type":"ImageObject","inLanguage":"it-IT","@id":"https:\/\/waaghaus.eu\/it\/eventi\/il-mio-nome-e-anna-presentazione-del-libro\/#primaryimage","url":"https:\/\/waaghaus.eu\/wp-content\/uploads\/2023\/11\/Copertina-Scarnato-e1700146323812.jpg","contentUrl":"https:\/\/waaghaus.eu\/wp-content\/uploads\/2023\/11\/Copertina-Scarnato-e1700146323812.jpg","width":311,"height":311},{"@type":"BreadcrumbList","@id":"https:\/\/waaghaus.eu\/it\/eventi\/il-mio-nome-e-anna-presentazione-del-libro\/#breadcrumb","itemListElement":[{"@type":"ListItem","position":1,"name":"Home","item":"https:\/\/waaghaus.eu\/it\/"},{"@type":"ListItem","position":2,"name":"Events","item":"https:\/\/waaghaus.eu\/it\/eventi\/"},{"@type":"ListItem","position":3,"name":"IL MIO NOME E&#8217; ANNA &#8211; Presentazione del libro"}]},{"@type":"WebSite","@id":"https:\/\/waaghaus.eu\/it\/#website","url":"https:\/\/waaghaus.eu\/it\/","name":"WAAG","description":" a space that is alive for free spirits","potentialAction":[{"@type":"SearchAction","target":{"@type":"EntryPoint","urlTemplate":"https:\/\/waaghaus.eu\/it\/?s={search_term_string}"},"query-input":{"@type":"PropertyValueSpecification","valueRequired":true,"valueName":"search_term_string"}}],"inLanguage":"it-IT"}]}},"_links":{"self":[{"href":"https:\/\/waaghaus.eu\/it\/wp-json\/wp\/v2\/events\/3424","targetHints":{"allow":["GET"]}}],"collection":[{"href":"https:\/\/waaghaus.eu\/it\/wp-json\/wp\/v2\/events"}],"about":[{"href":"https:\/\/waaghaus.eu\/it\/wp-json\/wp\/v2\/types\/events"}],"wp:featuredmedia":[{"embeddable":true,"href":"https:\/\/waaghaus.eu\/it\/wp-json\/wp\/v2\/media\/3425"}],"wp:attachment":[{"href":"https:\/\/waaghaus.eu\/it\/wp-json\/wp\/v2\/media?parent=3424"}],"curies":[{"name":"wp","href":"https:\/\/api.w.org\/{rel}","templated":true}]}}

<p class="p1">Palermo, chiassosa ed esuberante, nobile e plebea, racchiude in sé l&#8217;eterogeneità degli elementi che tendono a classificarla come una città fuori dal comune. I suoi colori, gli odori, il vocio continuo della gente e i vari stili architettonici contribuiscono a diffondere quella confusione che caratterizza le città tipicamente orientali. È la città di Anna. Lei, così fuori dagli schemi. Ama immergersi nel sogno per scelta, per sopravvivere al caos che la circonda, per proteggersi. I suoi pensieri sono organizzati, mai confusi, sa sempre come procedere in modo ordinato. Racchiusa nel suo mondo, difficilmente socializza; quasi da spettatrice assiste a ciò che vive intorno a sé, ma solo nel suo sogno è protagonista assoluta, lì tutto avviene e si compie. Ma poi inaspettatamente arriva Robert, totalmente diverso da lei, con un passato difficile, proveniente da una famiglia che non perdona il camminare fuori dalle righe, il cantare fuori dal coro. La loro storia d&#8217;amore, breve ma intensa, subirà momenti drammatici. Troppo giovani per sostenere un carico così pesante, ma soprattutto incapaci e impossibilitati ad allontanarsi da certi schemi familiari. Il mio nome è Anna di Stefania Scarnato, è un ritratto delicato ma d&#8217;effetto della fragile e controversa società giovanile odierna.</p>

<p>Palermo, chiassosa ed esuberante, nobile e plebea, racchiude in sé l&#8217;eterogeneità degli elementi che tendono a classificarla come una città fuori dal comune. I suoi colori, gli odori, il vocio continuo della gente e i vari stili architettonici contribuiscono a diffondere quella confusione che caratterizza le città tipicamente orientali. È la città di Anna. Lei, [&hellip;]</p>

<!-- This site is optimized with the Yoast SEO plugin v27.5 - https://yoast.com/product/yoast-seo-wordpress/ -->
<title>IL MIO NOME E&#039; ANNA - Presentazione del libro - WAAG</title>
<meta name="robots" content="index, follow, max-snippet:-1, max-image-preview:large, max-video-preview:-1" />
<link rel="canonical" href="https://waaghaus.eu/it/eventi/il-mio-nome-e-anna-presentazione-del-libro/" />
<meta property="og:locale" content="it_IT" />
<meta property="og:type" content="article" />
<meta property="og:title" content="IL MIO NOME E&#039; ANNA - Presentazione del libro - WAAG" />
<meta property="og:description" content="Palermo, chiassosa ed esuberante, nobile e plebea, racchiude in sé l&#8217;eterogeneità degli elementi che tendono a classificarla come una città fuori dal comune. I suoi colori, gli odori, il vocio continuo della gente e i vari stili architettonici contribuiscono a diffondere quella confusione che caratterizza le città tipicamente orientali. È la città di Anna. Lei, [&hellip;]" />
<meta property="og:url" content="https://waaghaus.eu/it/eventi/il-mio-nome-e-anna-presentazione-del-libro/" />
<meta property="og:site_name" content="WAAG" />
<meta property="og:image" content="https://waaghaus.eu/wp-content/uploads/2023/11/Copertina-Scarnato-e1700146323812.jpg" />
	<meta property="og:image:width" content="311" />
	<meta property="og:image:height" content="311" />
	<meta property="og:image:type" content="image/jpeg" />
<meta name="twitter:card" content="summary_large_image" />
<meta name="twitter:label1" content="Tempo di lettura stimato" />
	<meta name="twitter:data1" content="1 minuto" />
<script type="application/ld+json" class="yoast-schema-graph">{"@context":"https:\/\/schema.org","@graph":[{"@type":"WebPage","@id":"https:\/\/waaghaus.eu\/it\/eventi\/il-mio-nome-e-anna-presentazione-del-libro\/","url":"https:\/\/waaghaus.eu\/it\/eventi\/il-mio-nome-e-anna-presentazione-del-libro\/","name":"IL MIO NOME E' ANNA - Presentazione del libro - WAAG","isPartOf":{"@id":"https:\/\/waaghaus.eu\/it\/#website"},"primaryImageOfPage":{"@id":"https:\/\/waaghaus.eu\/it\/eventi\/il-mio-nome-e-anna-presentazione-del-libro\/#primaryimage"},"image":{"@id":"https:\/\/waaghaus.eu\/it\/eventi\/il-mio-nome-e-anna-presentazione-del-libro\/#primaryimage"},"thumbnailUrl":"https:\/\/waaghaus.eu\/wp-content\/uploads\/2023\/11\/Copertina-Scarnato-e1700146323812.jpg","datePublished":"2023-11-16T14:52:15+00:00","breadcrumb":{"@id":"https:\/\/waaghaus.eu\/it\/eventi\/il-mio-nome-e-anna-presentazione-del-libro\/#breadcrumb"},"inLanguage":"it-IT","potentialAction":[{"@type":"ReadAction","target":["https:\/\/waaghaus.eu\/it\/eventi\/il-mio-nome-e-anna-presentazione-del-libro\/"]}]},{"@type":"ImageObject","inLanguage":"it-IT","@id":"https:\/\/waaghaus.eu\/it\/eventi\/il-mio-nome-e-anna-presentazione-del-libro\/#primaryimage","url":"https:\/\/waaghaus.eu\/wp-content\/uploads\/2023\/11\/Copertina-Scarnato-e1700146323812.jpg","contentUrl":"https:\/\/waaghaus.eu\/wp-content\/uploads\/2023\/11\/Copertina-Scarnato-e1700146323812.jpg","width":311,"height":311},{"@type":"BreadcrumbList","@id":"https:\/\/waaghaus.eu\/it\/eventi\/il-mio-nome-e-anna-presentazione-del-libro\/#breadcrumb","itemListElement":[{"@type":"ListItem","position":1,"name":"Home","item":"https:\/\/waaghaus.eu\/it\/"},{"@type":"ListItem","position":2,"name":"Events","item":"https:\/\/waaghaus.eu\/it\/eventi\/"},{"@type":"ListItem","position":3,"name":"IL MIO NOME E&#8217; ANNA &#8211; Presentazione del libro"}]},{"@type":"WebSite","@id":"https:\/\/waaghaus.eu\/it\/#website","url":"https:\/\/waaghaus.eu\/it\/","name":"WAAG","description":" a space that is alive for free spirits","potentialAction":[{"@type":"SearchAction","target":{"@type":"EntryPoint","urlTemplate":"https:\/\/waaghaus.eu\/it\/?s={search_term_string}"},"query-input":{"@type":"PropertyValueSpecification","valueRequired":true,"valueName":"search_term_string"}}],"inLanguage":"it-IT"}]}</script>
<!-- / Yoast SEO plugin. -->

Palermo, chiassosa ed esuberante, nobile e plebea, racchiude in sé l&#8217;eterogeneità degli elementi che tendono a classificarla come una città fuori dal comune. I suoi colori, gli odori, il vocio continuo della gente e i vari stili architettonici contribuiscono a diffondere quella confusione che caratterizza le città tipicamente orientali. È la città di Anna. Lei, [&hellip;]
