{"id":3000,"date":"2023-05-01T14:59:25","date_gmt":"2023-05-01T14:59:25","guid":{"rendered":"https:\/\/waaghaus.eu\/?post_type=events&#038;p=3000"},"modified":"2023-05-01T14:59:25","modified_gmt":"2023-05-01T14:59:25","slug":"soffro-dunque-siamo-portami-al-confine","status":"publish","type":"events","link":"https:\/\/waaghaus.eu\/it\/eventi\/soffro-dunque-siamo-portami-al-confine\/","title":{"rendered":"Soffro dunque siamo + Portami al confine"},"content":{"rendered":"<p>Free entry<\/p>\n<p>E\u2019 vivamente consigliata la prenotazione office@waaghaus.eu T +39 0471 095099<\/p>\n<p>Presentazione del libro con Gabriele di Luca e Antonio Lucchetti e l&#8217;autore Marco Rovelli<br \/>\nConcerto dal vivo di Marco Rovelli con Paolo Monti<\/p>\n<p>Attraverso un&#8217;indagine lucida e tutta sul campo, incentrata sulle testimonianze dirette di chi dal disturbo psichico \u00e8 stato travolto e di chi si sforza ogni giorno di comprenderlo e curarlo, Marco Rovelli cartografa il disagio psichico della civilt\u00e0 ipermoderna e neoliberale &#8211; quella che ha preso corpo definito negli anni Ottanta all&#8217;insegna del motto thatcheriano: \u00abLa societ\u00e0 non esiste. Esistono solo gli individui\u00bb &#8211; mostrando ci\u00f2 che le varie forme di disagio raccontano di questa societ\u00e0. E mostra come \u00e8 strutturata la psichiatria egemone della societ\u00e0 degli individui, che, ponendo meriti e responsabilit\u00e0 nell&#8217;individuo isolato, concepisce la \u201cmalattia mentale\u201d come qualcosa che afferisce esclusivamente alla dimensione individuale e organica.<\/p>\n<p>&#8220;Un brillante esempio di canzone &#8216;alta&#8217;: nei testi ricchi di significati importanti e non solo belli e poetici, in un canto di rara intensit\u00e0. Un talento, un dispensatore di emozioni e &#8220;lezioni&#8221;, a suo modo un esteta&#8221; (Federico Guglielmi, Blow Up)<\/p>\n","protected":false},"excerpt":{"rendered":"<p>Free entry E\u2019 vivamente consigliata la prenotazione office@waaghaus.eu T +39 0471 095099 Presentazione del libro con Gabriele di Luca e Antonio Lucchetti e l&#8217;autore Marco Rovelli Concerto dal vivo di Marco Rovelli con Paolo Monti Attraverso un&#8217;indagine lucida e tutta sul campo, incentrata sulle testimonianze dirette di chi dal disturbo psichico \u00e8 stato travolto e [&hellip;]<\/p>\n","protected":false},"featured_media":3001,"template":"","class_list":["post-3000","events","type-events","status-publish","has-post-thumbnail","hentry"],"acf":[],"yoast_head":"<!-- This site is optimized with the Yoast SEO plugin v27.5 - https:\/\/yoast.com\/product\/yoast-seo-wordpress\/ -->\n<title>Soffro dunque siamo + Portami al confine - WAAG<\/title>\n<meta name=\"robots\" content=\"index, follow, max-snippet:-1, max-image-preview:large, max-video-preview:-1\" \/>\n<link rel=\"canonical\" href=\"https:\/\/waaghaus.eu\/it\/eventi\/soffro-dunque-siamo-portami-al-confine\/\" \/>\n<meta property=\"og:locale\" content=\"it_IT\" \/>\n<meta property=\"og:type\" content=\"article\" \/>\n<meta property=\"og:title\" content=\"Soffro dunque siamo + Portami al confine - WAAG\" \/>\n<meta property=\"og:description\" content=\"Free entry E\u2019 vivamente consigliata la prenotazione office@waaghaus.eu T +39 0471 095099 Presentazione del libro con Gabriele di Luca e Antonio Lucchetti e l&#8217;autore Marco Rovelli Concerto dal vivo di Marco Rovelli con Paolo Monti Attraverso un&#8217;indagine lucida e tutta sul campo, incentrata sulle testimonianze dirette di chi dal disturbo psichico \u00e8 stato travolto e [&hellip;]\" \/>\n<meta property=\"og:url\" content=\"https:\/\/waaghaus.eu\/it\/eventi\/soffro-dunque-siamo-portami-al-confine\/\" \/>\n<meta property=\"og:site_name\" content=\"WAAG\" \/>\n<meta property=\"og:image\" content=\"https:\/\/waaghaus.eu\/wp-content\/uploads\/2023\/05\/WhatsApp-Image-2023-04-29-at-12.15.10-e1682953126200.jpeg\" \/>\n\t<meta property=\"og:image:width\" content=\"1132\" \/>\n\t<meta property=\"og:image:height\" content=\"1132\" \/>\n\t<meta property=\"og:image:type\" content=\"image\/jpeg\" \/>\n<meta name=\"twitter:card\" content=\"summary_large_image\" \/>\n<meta name=\"twitter:label1\" content=\"Tempo di lettura stimato\" \/>\n\t<meta name=\"twitter:data1\" content=\"1 minuto\" \/>\n<script type=\"application\/ld+json\" class=\"yoast-schema-graph\">{\"@context\":\"https:\\\/\\\/schema.org\",\"@graph\":[{\"@type\":\"WebPage\",\"@id\":\"https:\\\/\\\/waaghaus.eu\\\/it\\\/eventi\\\/soffro-dunque-siamo-portami-al-confine\\\/\",\"url\":\"https:\\\/\\\/waaghaus.eu\\\/it\\\/eventi\\\/soffro-dunque-siamo-portami-al-confine\\\/\",\"name\":\"Soffro dunque siamo + Portami al confine - WAAG\",\"isPartOf\":{\"@id\":\"https:\\\/\\\/waaghaus.eu\\\/it\\\/#website\"},\"primaryImageOfPage\":{\"@id\":\"https:\\\/\\\/waaghaus.eu\\\/it\\\/eventi\\\/soffro-dunque-siamo-portami-al-confine\\\/#primaryimage\"},\"image\":{\"@id\":\"https:\\\/\\\/waaghaus.eu\\\/it\\\/eventi\\\/soffro-dunque-siamo-portami-al-confine\\\/#primaryimage\"},\"thumbnailUrl\":\"https:\\\/\\\/waaghaus.eu\\\/wp-content\\\/uploads\\\/2023\\\/05\\\/WhatsApp-Image-2023-04-29-at-12.15.10-e1682953126200.jpeg\",\"datePublished\":\"2023-05-01T14:59:25+00:00\",\"breadcrumb\":{\"@id\":\"https:\\\/\\\/waaghaus.eu\\\/it\\\/eventi\\\/soffro-dunque-siamo-portami-al-confine\\\/#breadcrumb\"},\"inLanguage\":\"it-IT\",\"potentialAction\":[{\"@type\":\"ReadAction\",\"target\":[\"https:\\\/\\\/waaghaus.eu\\\/it\\\/eventi\\\/soffro-dunque-siamo-portami-al-confine\\\/\"]}]},{\"@type\":\"ImageObject\",\"inLanguage\":\"it-IT\",\"@id\":\"https:\\\/\\\/waaghaus.eu\\\/it\\\/eventi\\\/soffro-dunque-siamo-portami-al-confine\\\/#primaryimage\",\"url\":\"https:\\\/\\\/waaghaus.eu\\\/wp-content\\\/uploads\\\/2023\\\/05\\\/WhatsApp-Image-2023-04-29-at-12.15.10-e1682953126200.jpeg\",\"contentUrl\":\"https:\\\/\\\/waaghaus.eu\\\/wp-content\\\/uploads\\\/2023\\\/05\\\/WhatsApp-Image-2023-04-29-at-12.15.10-e1682953126200.jpeg\",\"width\":1132,\"height\":1132},{\"@type\":\"BreadcrumbList\",\"@id\":\"https:\\\/\\\/waaghaus.eu\\\/it\\\/eventi\\\/soffro-dunque-siamo-portami-al-confine\\\/#breadcrumb\",\"itemListElement\":[{\"@type\":\"ListItem\",\"position\":1,\"name\":\"Home\",\"item\":\"https:\\\/\\\/waaghaus.eu\\\/it\\\/\"},{\"@type\":\"ListItem\",\"position\":2,\"name\":\"Events\",\"item\":\"https:\\\/\\\/waaghaus.eu\\\/it\\\/eventi\\\/\"},{\"@type\":\"ListItem\",\"position\":3,\"name\":\"Soffro dunque siamo + Portami al confine\"}]},{\"@type\":\"WebSite\",\"@id\":\"https:\\\/\\\/waaghaus.eu\\\/it\\\/#website\",\"url\":\"https:\\\/\\\/waaghaus.eu\\\/it\\\/\",\"name\":\"WAAG\",\"description\":\" a space that is alive for free spirits\",\"potentialAction\":[{\"@type\":\"SearchAction\",\"target\":{\"@type\":\"EntryPoint\",\"urlTemplate\":\"https:\\\/\\\/waaghaus.eu\\\/it\\\/?s={search_term_string}\"},\"query-input\":{\"@type\":\"PropertyValueSpecification\",\"valueRequired\":true,\"valueName\":\"search_term_string\"}}],\"inLanguage\":\"it-IT\"}]}<\/script>\n<!-- \/ Yoast SEO plugin. -->","yoast_head_json":{"title":"Soffro dunque siamo + Portami al confine - WAAG","robots":{"index":"index","follow":"follow","max-snippet":"max-snippet:-1","max-image-preview":"max-image-preview:large","max-video-preview":"max-video-preview:-1"},"canonical":"https:\/\/waaghaus.eu\/it\/eventi\/soffro-dunque-siamo-portami-al-confine\/","og_locale":"it_IT","og_type":"article","og_title":"Soffro dunque siamo + Portami al confine - WAAG","og_description":"Free entry E\u2019 vivamente consigliata la prenotazione office@waaghaus.eu T +39 0471 095099 Presentazione del libro con Gabriele di Luca e Antonio Lucchetti e l&#8217;autore Marco Rovelli Concerto dal vivo di Marco Rovelli con Paolo Monti Attraverso un&#8217;indagine lucida e tutta sul campo, incentrata sulle testimonianze dirette di chi dal disturbo psichico \u00e8 stato travolto e [&hellip;]","og_url":"https:\/\/waaghaus.eu\/it\/eventi\/soffro-dunque-siamo-portami-al-confine\/","og_site_name":"WAAG","og_image":[{"width":1132,"height":1132,"url":"https:\/\/waaghaus.eu\/wp-content\/uploads\/2023\/05\/WhatsApp-Image-2023-04-29-at-12.15.10-e1682953126200.jpeg","type":"image\/jpeg"}],"twitter_card":"summary_large_image","twitter_misc":{"Tempo di lettura stimato":"1 minuto"},"schema":{"@context":"https:\/\/schema.org","@graph":[{"@type":"WebPage","@id":"https:\/\/waaghaus.eu\/it\/eventi\/soffro-dunque-siamo-portami-al-confine\/","url":"https:\/\/waaghaus.eu\/it\/eventi\/soffro-dunque-siamo-portami-al-confine\/","name":"Soffro dunque siamo + Portami al confine - WAAG","isPartOf":{"@id":"https:\/\/waaghaus.eu\/it\/#website"},"primaryImageOfPage":{"@id":"https:\/\/waaghaus.eu\/it\/eventi\/soffro-dunque-siamo-portami-al-confine\/#primaryimage"},"image":{"@id":"https:\/\/waaghaus.eu\/it\/eventi\/soffro-dunque-siamo-portami-al-confine\/#primaryimage"},"thumbnailUrl":"https:\/\/waaghaus.eu\/wp-content\/uploads\/2023\/05\/WhatsApp-Image-2023-04-29-at-12.15.10-e1682953126200.jpeg","datePublished":"2023-05-01T14:59:25+00:00","breadcrumb":{"@id":"https:\/\/waaghaus.eu\/it\/eventi\/soffro-dunque-siamo-portami-al-confine\/#breadcrumb"},"inLanguage":"it-IT","potentialAction":[{"@type":"ReadAction","target":["https:\/\/waaghaus.eu\/it\/eventi\/soffro-dunque-siamo-portami-al-confine\/"]}]},{"@type":"ImageObject","inLanguage":"it-IT","@id":"https:\/\/waaghaus.eu\/it\/eventi\/soffro-dunque-siamo-portami-al-confine\/#primaryimage","url":"https:\/\/waaghaus.eu\/wp-content\/uploads\/2023\/05\/WhatsApp-Image-2023-04-29-at-12.15.10-e1682953126200.jpeg","contentUrl":"https:\/\/waaghaus.eu\/wp-content\/uploads\/2023\/05\/WhatsApp-Image-2023-04-29-at-12.15.10-e1682953126200.jpeg","width":1132,"height":1132},{"@type":"BreadcrumbList","@id":"https:\/\/waaghaus.eu\/it\/eventi\/soffro-dunque-siamo-portami-al-confine\/#breadcrumb","itemListElement":[{"@type":"ListItem","position":1,"name":"Home","item":"https:\/\/waaghaus.eu\/it\/"},{"@type":"ListItem","position":2,"name":"Events","item":"https:\/\/waaghaus.eu\/it\/eventi\/"},{"@type":"ListItem","position":3,"name":"Soffro dunque siamo + Portami al confine"}]},{"@type":"WebSite","@id":"https:\/\/waaghaus.eu\/it\/#website","url":"https:\/\/waaghaus.eu\/it\/","name":"WAAG","description":" a space that is alive for free spirits","potentialAction":[{"@type":"SearchAction","target":{"@type":"EntryPoint","urlTemplate":"https:\/\/waaghaus.eu\/it\/?s={search_term_string}"},"query-input":{"@type":"PropertyValueSpecification","valueRequired":true,"valueName":"search_term_string"}}],"inLanguage":"it-IT"}]}},"_links":{"self":[{"href":"https:\/\/waaghaus.eu\/it\/wp-json\/wp\/v2\/events\/3000","targetHints":{"allow":["GET"]}}],"collection":[{"href":"https:\/\/waaghaus.eu\/it\/wp-json\/wp\/v2\/events"}],"about":[{"href":"https:\/\/waaghaus.eu\/it\/wp-json\/wp\/v2\/types\/events"}],"wp:featuredmedia":[{"embeddable":true,"href":"https:\/\/waaghaus.eu\/it\/wp-json\/wp\/v2\/media\/3001"}],"wp:attachment":[{"href":"https:\/\/waaghaus.eu\/it\/wp-json\/wp\/v2\/media?parent=3000"}],"curies":[{"name":"wp","href":"https:\/\/api.w.org\/{rel}","templated":true}]}}

<p>Free entry</p>
<p>E’ vivamente consigliata la prenotazione office@waaghaus.eu T +39 0471 095099</p>
<p>Presentazione del libro con Gabriele di Luca e Antonio Lucchetti e l&#8217;autore Marco Rovelli<br />
Concerto dal vivo di Marco Rovelli con Paolo Monti</p>
<p>Attraverso un&#8217;indagine lucida e tutta sul campo, incentrata sulle testimonianze dirette di chi dal disturbo psichico è stato travolto e di chi si sforza ogni giorno di comprenderlo e curarlo, Marco Rovelli cartografa il disagio psichico della civiltà ipermoderna e neoliberale &#8211; quella che ha preso corpo definito negli anni Ottanta all&#8217;insegna del motto thatcheriano: «La società non esiste. Esistono solo gli individui» &#8211; mostrando ciò che le varie forme di disagio raccontano di questa società. E mostra come è strutturata la psichiatria egemone della società degli individui, che, ponendo meriti e responsabilità nell&#8217;individuo isolato, concepisce la “malattia mentale” come qualcosa che afferisce esclusivamente alla dimensione individuale e organica.</p>
<p>&#8220;Un brillante esempio di canzone &#8216;alta&#8217;: nei testi ricchi di significati importanti e non solo belli e poetici, in un canto di rara intensità. Un talento, un dispensatore di emozioni e &#8220;lezioni&#8221;, a suo modo un esteta&#8221; (Federico Guglielmi, Blow Up)</p>

<p>Free entry E’ vivamente consigliata la prenotazione office@waaghaus.eu T +39 0471 095099 Presentazione del libro con Gabriele di Luca e Antonio Lucchetti e l&#8217;autore Marco Rovelli Concerto dal vivo di Marco Rovelli con Paolo Monti Attraverso un&#8217;indagine lucida e tutta sul campo, incentrata sulle testimonianze dirette di chi dal disturbo psichico è stato travolto e [&hellip;]</p>

<!-- This site is optimized with the Yoast SEO plugin v27.5 - https://yoast.com/product/yoast-seo-wordpress/ -->
<title>Soffro dunque siamo + Portami al confine - WAAG</title>
<meta name="robots" content="index, follow, max-snippet:-1, max-image-preview:large, max-video-preview:-1" />
<link rel="canonical" href="https://waaghaus.eu/it/eventi/soffro-dunque-siamo-portami-al-confine/" />
<meta property="og:locale" content="it_IT" />
<meta property="og:type" content="article" />
<meta property="og:title" content="Soffro dunque siamo + Portami al confine - WAAG" />
<meta property="og:description" content="Free entry E’ vivamente consigliata la prenotazione office@waaghaus.eu T +39 0471 095099 Presentazione del libro con Gabriele di Luca e Antonio Lucchetti e l&#8217;autore Marco Rovelli Concerto dal vivo di Marco Rovelli con Paolo Monti Attraverso un&#8217;indagine lucida e tutta sul campo, incentrata sulle testimonianze dirette di chi dal disturbo psichico è stato travolto e [&hellip;]" />
<meta property="og:url" content="https://waaghaus.eu/it/eventi/soffro-dunque-siamo-portami-al-confine/" />
<meta property="og:site_name" content="WAAG" />
<meta property="og:image" content="https://waaghaus.eu/wp-content/uploads/2023/05/WhatsApp-Image-2023-04-29-at-12.15.10-e1682953126200.jpeg" />
	<meta property="og:image:width" content="1132" />
	<meta property="og:image:height" content="1132" />
	<meta property="og:image:type" content="image/jpeg" />
<meta name="twitter:card" content="summary_large_image" />
<meta name="twitter:label1" content="Tempo di lettura stimato" />
	<meta name="twitter:data1" content="1 minuto" />
<script type="application/ld+json" class="yoast-schema-graph">{"@context":"https:\/\/schema.org","@graph":[{"@type":"WebPage","@id":"https:\/\/waaghaus.eu\/it\/eventi\/soffro-dunque-siamo-portami-al-confine\/","url":"https:\/\/waaghaus.eu\/it\/eventi\/soffro-dunque-siamo-portami-al-confine\/","name":"Soffro dunque siamo + Portami al confine - WAAG","isPartOf":{"@id":"https:\/\/waaghaus.eu\/it\/#website"},"primaryImageOfPage":{"@id":"https:\/\/waaghaus.eu\/it\/eventi\/soffro-dunque-siamo-portami-al-confine\/#primaryimage"},"image":{"@id":"https:\/\/waaghaus.eu\/it\/eventi\/soffro-dunque-siamo-portami-al-confine\/#primaryimage"},"thumbnailUrl":"https:\/\/waaghaus.eu\/wp-content\/uploads\/2023\/05\/WhatsApp-Image-2023-04-29-at-12.15.10-e1682953126200.jpeg","datePublished":"2023-05-01T14:59:25+00:00","breadcrumb":{"@id":"https:\/\/waaghaus.eu\/it\/eventi\/soffro-dunque-siamo-portami-al-confine\/#breadcrumb"},"inLanguage":"it-IT","potentialAction":[{"@type":"ReadAction","target":["https:\/\/waaghaus.eu\/it\/eventi\/soffro-dunque-siamo-portami-al-confine\/"]}]},{"@type":"ImageObject","inLanguage":"it-IT","@id":"https:\/\/waaghaus.eu\/it\/eventi\/soffro-dunque-siamo-portami-al-confine\/#primaryimage","url":"https:\/\/waaghaus.eu\/wp-content\/uploads\/2023\/05\/WhatsApp-Image-2023-04-29-at-12.15.10-e1682953126200.jpeg","contentUrl":"https:\/\/waaghaus.eu\/wp-content\/uploads\/2023\/05\/WhatsApp-Image-2023-04-29-at-12.15.10-e1682953126200.jpeg","width":1132,"height":1132},{"@type":"BreadcrumbList","@id":"https:\/\/waaghaus.eu\/it\/eventi\/soffro-dunque-siamo-portami-al-confine\/#breadcrumb","itemListElement":[{"@type":"ListItem","position":1,"name":"Home","item":"https:\/\/waaghaus.eu\/it\/"},{"@type":"ListItem","position":2,"name":"Events","item":"https:\/\/waaghaus.eu\/it\/eventi\/"},{"@type":"ListItem","position":3,"name":"Soffro dunque siamo + Portami al confine"}]},{"@type":"WebSite","@id":"https:\/\/waaghaus.eu\/it\/#website","url":"https:\/\/waaghaus.eu\/it\/","name":"WAAG","description":" a space that is alive for free spirits","potentialAction":[{"@type":"SearchAction","target":{"@type":"EntryPoint","urlTemplate":"https:\/\/waaghaus.eu\/it\/?s={search_term_string}"},"query-input":{"@type":"PropertyValueSpecification","valueRequired":true,"valueName":"search_term_string"}}],"inLanguage":"it-IT"}]}</script>
<!-- / Yoast SEO plugin. -->

Free entry E’ vivamente consigliata la prenotazione office@waaghaus.eu T +39 0471 095099 Presentazione del libro con Gabriele di Luca e Antonio Lucchetti e l&#8217;autore Marco Rovelli Concerto dal vivo di Marco Rovelli con Paolo Monti Attraverso un&#8217;indagine lucida e tutta sul campo, incentrata sulle testimonianze dirette di chi dal disturbo psichico è stato travolto e [&hellip;]
