{"id":2578,"date":"2022-12-12T13:53:24","date_gmt":"2022-12-12T13:53:24","guid":{"rendered":"https:\/\/waaghaus.eu\/?post_type=events&#038;p=2578"},"modified":"2022-12-12T13:53:24","modified_gmt":"2022-12-12T13:53:24","slug":"super-social","status":"publish","type":"events","link":"https:\/\/waaghaus.eu\/it\/eventi\/super-social\/","title":{"rendered":"Super Social"},"content":{"rendered":"<p>SUPERSOCIAL \u00e8 uno dei primi eventi pubblici promossi dal Centro di Competenza per la Sostenibilit\u00e0 Economica, Ecologica e Sociale della Libera Universit\u00e0 di Bolzano. In questa edizione viene data particolare attenzione agli aspetti sociali del design e dell&#8217;impresa nel cammino verso una societ\u00e0 pi\u00f9 sostenibile e inclusiva, in cui viene valorizzato il ruolo di ciascuno di noi.<\/p>\n<p>SUPERSOCIAL si svolge al WAAG, uno degli spazi culturali pi\u00f9 amati dell&#8217;Alto Adige, e inizia con una performance dello Studio Gisto (Frantoio Sociale \/ in presenza) seguita da tre conferenze di Petra Janssen (Social Label \/ online), Rafa\u0142 Ko\u0142odziej (Futures Thinking \/ in presenza) e Bernhard Lenger (The Social Design Lobby \/ online). Dopo una sessione di domande e risposte con il pubblico, la serata si concluder\u00e0 al Waag Caf\u00e9 per un incontro e una condivisione di idee.<\/p>\n<p>L&#8217;evento \u00e8 gratuito ma i posti sono limitati, pertanto si prega di registrarsi in anticipo.<\/p>\n<p>Se non potete partecipare all&#8217;evento ma desiderate ricevere successivamente un breve sunto dello stesso, inviate un&#8217;e-mail a<a href=\"mailto:aart.vanbezooijen@unibz.it\">aart.vanbezooijen@unibz.it<\/a><\/p>\n<p>&nbsp;<\/p>\n","protected":false},"excerpt":{"rendered":"<p>SUPERSOCIAL \u00e8 uno dei primi eventi pubblici promossi dal Centro di Competenza per la Sostenibilit\u00e0 Economica, Ecologica e Sociale della Libera Universit\u00e0 di Bolzano. In questa edizione viene data particolare attenzione agli aspetti sociali del design e dell&#8217;impresa nel cammino verso una societ\u00e0 pi\u00f9 sostenibile e inclusiva, in cui viene valorizzato il ruolo di ciascuno [&hellip;]<\/p>\n","protected":false},"featured_media":2574,"template":"","acf":[],"yoast_head":"<!-- This site is optimized with the Yoast SEO plugin v19.11 - https:\/\/yoast.com\/wordpress\/plugins\/seo\/ -->\n<title>Super Social - WAAG<\/title>\n<meta name=\"robots\" content=\"index, follow, max-snippet:-1, max-image-preview:large, max-video-preview:-1\" \/>\n<link rel=\"canonical\" href=\"https:\/\/waaghaus.eu\/it\/eventi\/super-social\/\" \/>\n<meta property=\"og:locale\" content=\"it_IT\" \/>\n<meta property=\"og:type\" content=\"article\" \/>\n<meta property=\"og:title\" content=\"Super Social - WAAG\" \/>\n<meta property=\"og:description\" content=\"SUPERSOCIAL \u00e8 uno dei primi eventi pubblici promossi dal Centro di Competenza per la Sostenibilit\u00e0 Economica, Ecologica e Sociale della Libera Universit\u00e0 di Bolzano. In questa edizione viene data particolare attenzione agli aspetti sociali del design e dell&#8217;impresa nel cammino verso una societ\u00e0 pi\u00f9 sostenibile e inclusiva, in cui viene valorizzato il ruolo di ciascuno [&hellip;]\" \/>\n<meta property=\"og:url\" content=\"https:\/\/waaghaus.eu\/it\/eventi\/super-social\/\" \/>\n<meta property=\"og:site_name\" content=\"WAAG\" \/>\n<meta property=\"og:image\" content=\"https:\/\/waaghaus.eu\/wp-content\/uploads\/2022\/12\/grafik_insta-e1670853194775.jpg\" \/>\n\t<meta property=\"og:image:width\" content=\"1080\" \/>\n\t<meta property=\"og:image:height\" content=\"1080\" \/>\n\t<meta property=\"og:image:type\" content=\"image\/jpeg\" \/>\n<meta name=\"twitter:card\" content=\"summary_large_image\" \/>\n<meta name=\"twitter:label1\" content=\"Tempo di lettura stimato\" \/>\n\t<meta name=\"twitter:data1\" content=\"1 minuto\" \/>\n<script type=\"application\/ld+json\" class=\"yoast-schema-graph\">{\"@context\":\"https:\/\/schema.org\",\"@graph\":[{\"@type\":\"WebPage\",\"@id\":\"https:\/\/waaghaus.eu\/it\/eventi\/super-social\/\",\"url\":\"https:\/\/waaghaus.eu\/it\/eventi\/super-social\/\",\"name\":\"Super Social - WAAG\",\"isPartOf\":{\"@id\":\"https:\/\/waaghaus.eu\/it\/#website\"},\"datePublished\":\"2022-12-12T13:53:24+00:00\",\"dateModified\":\"2022-12-12T13:53:24+00:00\",\"breadcrumb\":{\"@id\":\"https:\/\/waaghaus.eu\/it\/eventi\/super-social\/#breadcrumb\"},\"inLanguage\":\"it-IT\",\"potentialAction\":[{\"@type\":\"ReadAction\",\"target\":[\"https:\/\/waaghaus.eu\/it\/eventi\/super-social\/\"]}]},{\"@type\":\"BreadcrumbList\",\"@id\":\"https:\/\/waaghaus.eu\/it\/eventi\/super-social\/#breadcrumb\",\"itemListElement\":[{\"@type\":\"ListItem\",\"position\":1,\"name\":\"Home\",\"item\":\"https:\/\/waaghaus.eu\/it\/\"},{\"@type\":\"ListItem\",\"position\":2,\"name\":\"Events\",\"item\":\"https:\/\/waaghaus.eu\/it\/eventi\/\"},{\"@type\":\"ListItem\",\"position\":3,\"name\":\"Super Social\"}]},{\"@type\":\"WebSite\",\"@id\":\"https:\/\/waaghaus.eu\/it\/#website\",\"url\":\"https:\/\/waaghaus.eu\/it\/\",\"name\":\"WAAG\",\"description\":\" a space that is alive for free spirits\",\"potentialAction\":[{\"@type\":\"SearchAction\",\"target\":{\"@type\":\"EntryPoint\",\"urlTemplate\":\"https:\/\/waaghaus.eu\/it\/?s={search_term_string}\"},\"query-input\":\"required name=search_term_string\"}],\"inLanguage\":\"it-IT\"}]}<\/script>\n<!-- \/ Yoast SEO plugin. -->","yoast_head_json":{"title":"Super Social - WAAG","robots":{"index":"index","follow":"follow","max-snippet":"max-snippet:-1","max-image-preview":"max-image-preview:large","max-video-preview":"max-video-preview:-1"},"canonical":"https:\/\/waaghaus.eu\/it\/eventi\/super-social\/","og_locale":"it_IT","og_type":"article","og_title":"Super Social - WAAG","og_description":"SUPERSOCIAL \u00e8 uno dei primi eventi pubblici promossi dal Centro di Competenza per la Sostenibilit\u00e0 Economica, Ecologica e Sociale della Libera Universit\u00e0 di Bolzano. In questa edizione viene data particolare attenzione agli aspetti sociali del design e dell&#8217;impresa nel cammino verso una societ\u00e0 pi\u00f9 sostenibile e inclusiva, in cui viene valorizzato il ruolo di ciascuno [&hellip;]","og_url":"https:\/\/waaghaus.eu\/it\/eventi\/super-social\/","og_site_name":"WAAG","og_image":[{"width":1080,"height":1080,"url":"https:\/\/waaghaus.eu\/wp-content\/uploads\/2022\/12\/grafik_insta-e1670853194775.jpg","type":"image\/jpeg"}],"twitter_card":"summary_large_image","twitter_misc":{"Tempo di lettura stimato":"1 minuto"},"schema":{"@context":"https:\/\/schema.org","@graph":[{"@type":"WebPage","@id":"https:\/\/waaghaus.eu\/it\/eventi\/super-social\/","url":"https:\/\/waaghaus.eu\/it\/eventi\/super-social\/","name":"Super Social - WAAG","isPartOf":{"@id":"https:\/\/waaghaus.eu\/it\/#website"},"datePublished":"2022-12-12T13:53:24+00:00","dateModified":"2022-12-12T13:53:24+00:00","breadcrumb":{"@id":"https:\/\/waaghaus.eu\/it\/eventi\/super-social\/#breadcrumb"},"inLanguage":"it-IT","potentialAction":[{"@type":"ReadAction","target":["https:\/\/waaghaus.eu\/it\/eventi\/super-social\/"]}]},{"@type":"BreadcrumbList","@id":"https:\/\/waaghaus.eu\/it\/eventi\/super-social\/#breadcrumb","itemListElement":[{"@type":"ListItem","position":1,"name":"Home","item":"https:\/\/waaghaus.eu\/it\/"},{"@type":"ListItem","position":2,"name":"Events","item":"https:\/\/waaghaus.eu\/it\/eventi\/"},{"@type":"ListItem","position":3,"name":"Super Social"}]},{"@type":"WebSite","@id":"https:\/\/waaghaus.eu\/it\/#website","url":"https:\/\/waaghaus.eu\/it\/","name":"WAAG","description":" a space that is alive for free spirits","potentialAction":[{"@type":"SearchAction","target":{"@type":"EntryPoint","urlTemplate":"https:\/\/waaghaus.eu\/it\/?s={search_term_string}"},"query-input":"required name=search_term_string"}],"inLanguage":"it-IT"}]}},"_links":{"self":[{"href":"https:\/\/waaghaus.eu\/it\/wp-json\/wp\/v2\/events\/2578"}],"collection":[{"href":"https:\/\/waaghaus.eu\/it\/wp-json\/wp\/v2\/events"}],"about":[{"href":"https:\/\/waaghaus.eu\/it\/wp-json\/wp\/v2\/types\/events"}],"wp:featuredmedia":[{"embeddable":true,"href":"https:\/\/waaghaus.eu\/it\/wp-json\/wp\/v2\/media\/2574"}],"wp:attachment":[{"href":"https:\/\/waaghaus.eu\/it\/wp-json\/wp\/v2\/media?parent=2578"}],"curies":[{"name":"wp","href":"https:\/\/api.w.org\/{rel}","templated":true}]}}

<p>SUPERSOCIAL è uno dei primi eventi pubblici promossi dal Centro di Competenza per la Sostenibilità Economica, Ecologica e Sociale della Libera Università di Bolzano. In questa edizione viene data particolare attenzione agli aspetti sociali del design e dell&#8217;impresa nel cammino verso una società più sostenibile e inclusiva, in cui viene valorizzato il ruolo di ciascuno di noi.</p>
<p>SUPERSOCIAL si svolge al WAAG, uno degli spazi culturali più amati dell&#8217;Alto Adige, e inizia con una performance dello Studio Gisto (Frantoio Sociale / in presenza) seguita da tre conferenze di Petra Janssen (Social Label / online), Rafał Kołodziej (Futures Thinking / in presenza) e Bernhard Lenger (The Social Design Lobby / online). Dopo una sessione di domande e risposte con il pubblico, la serata si concluderà al Waag Café per un incontro e una condivisione di idee.</p>
<p>L&#8217;evento è gratuito ma i posti sono limitati, pertanto si prega di registrarsi in anticipo.</p>
<p>Se non potete partecipare all&#8217;evento ma desiderate ricevere successivamente un breve sunto dello stesso, inviate un&#8217;e-mail a<a href="mailto:aart.vanbezooijen@unibz.it">aart.vanbezooijen@unibz.it</a></p>
<p>&nbsp;</p>

<p>SUPERSOCIAL è uno dei primi eventi pubblici promossi dal Centro di Competenza per la Sostenibilità Economica, Ecologica e Sociale della Libera Università di Bolzano. In questa edizione viene data particolare attenzione agli aspetti sociali del design e dell&#8217;impresa nel cammino verso una società più sostenibile e inclusiva, in cui viene valorizzato il ruolo di ciascuno [&hellip;]</p>

<!-- This site is optimized with the Yoast SEO plugin v19.11 - https://yoast.com/wordpress/plugins/seo/ -->
<title>Super Social - WAAG</title>
<meta name="robots" content="index, follow, max-snippet:-1, max-image-preview:large, max-video-preview:-1" />
<link rel="canonical" href="https://waaghaus.eu/it/eventi/super-social/" />
<meta property="og:locale" content="it_IT" />
<meta property="og:type" content="article" />
<meta property="og:title" content="Super Social - WAAG" />
<meta property="og:description" content="SUPERSOCIAL è uno dei primi eventi pubblici promossi dal Centro di Competenza per la Sostenibilità Economica, Ecologica e Sociale della Libera Università di Bolzano. In questa edizione viene data particolare attenzione agli aspetti sociali del design e dell&#8217;impresa nel cammino verso una società più sostenibile e inclusiva, in cui viene valorizzato il ruolo di ciascuno [&hellip;]" />
<meta property="og:url" content="https://waaghaus.eu/it/eventi/super-social/" />
<meta property="og:site_name" content="WAAG" />
<meta property="og:image" content="https://waaghaus.eu/wp-content/uploads/2022/12/grafik_insta-e1670853194775.jpg" />
	<meta property="og:image:width" content="1080" />
	<meta property="og:image:height" content="1080" />
	<meta property="og:image:type" content="image/jpeg" />
<meta name="twitter:card" content="summary_large_image" />
<meta name="twitter:label1" content="Tempo di lettura stimato" />
	<meta name="twitter:data1" content="1 minuto" />
<script type="application/ld+json" class="yoast-schema-graph">{"@context":"https://schema.org","@graph":[{"@type":"WebPage","@id":"https://waaghaus.eu/it/eventi/super-social/","url":"https://waaghaus.eu/it/eventi/super-social/","name":"Super Social - WAAG","isPartOf":{"@id":"https://waaghaus.eu/it/#website"},"datePublished":"2022-12-12T13:53:24+00:00","dateModified":"2022-12-12T13:53:24+00:00","breadcrumb":{"@id":"https://waaghaus.eu/it/eventi/super-social/#breadcrumb"},"inLanguage":"it-IT","potentialAction":[{"@type":"ReadAction","target":["https://waaghaus.eu/it/eventi/super-social/"]}]},{"@type":"BreadcrumbList","@id":"https://waaghaus.eu/it/eventi/super-social/#breadcrumb","itemListElement":[{"@type":"ListItem","position":1,"name":"Home","item":"https://waaghaus.eu/it/"},{"@type":"ListItem","position":2,"name":"Events","item":"https://waaghaus.eu/it/eventi/"},{"@type":"ListItem","position":3,"name":"Super Social"}]},{"@type":"WebSite","@id":"https://waaghaus.eu/it/#website","url":"https://waaghaus.eu/it/","name":"WAAG","description":" a space that is alive for free spirits","potentialAction":[{"@type":"SearchAction","target":{"@type":"EntryPoint","urlTemplate":"https://waaghaus.eu/it/?s={search_term_string}"},"query-input":"required name=search_term_string"}],"inLanguage":"it-IT"}]}</script>
<!-- / Yoast SEO plugin. -->

SUPERSOCIAL è uno dei primi eventi pubblici promossi dal Centro di Competenza per la Sostenibilità Economica, Ecologica e Sociale della Libera Università di Bolzano. In questa edizione viene data particolare attenzione agli aspetti sociali del design e dell&#8217;impresa nel cammino verso una società più sostenibile e inclusiva, in cui viene valorizzato il ruolo di ciascuno [&hellip;]
