{"id":3637,"date":"2024-03-06T16:41:33","date_gmt":"2024-03-06T16:41:33","guid":{"rendered":"https:\/\/waaghaus.eu\/?post_type=events&#038;p=3637"},"modified":"2024-03-06T16:41:33","modified_gmt":"2024-03-06T16:41:33","slug":"crossing-dorian-gray-dorian-gray-vom-roman-zur-oper","status":"publish","type":"events","link":"https:\/\/waaghaus.eu\/de\/events\/crossing-dorian-gray-dorian-gray-vom-roman-zur-oper\/","title":{"rendered":"CROSSING DORIAN GRAY \/ Dorian Gray: vom Roman zur Oper"},"content":{"rendered":"<p>Am 12. und 15.\u00a0<span lang=\"DE\">M\u00e4rz \u00f6ffnen sich am Kornplatz die T\u00fcren zu Crossing Dorian Gray, einem von der Stiftung Haydn initiierten Format, das sich den Themen, der Atmosph\u00e4re und den vielen Fragen rund um diese neue Opernproduktion widmen wird. Zu Beginn der zweiten Veranstaltung von Crossing unter dem Titel DORIAN GRAY: VOM ROMAN ZUR OPER am Mittwoch, den 15. M\u00e4rz, sprechen Stefano Pintor und Matteo Franceschini mit Francesca Schir, Pr\u00e4sidentin der Psychologenkammer Bozen, und Greta Perletti, Professorin f\u00fcr englische Literatur an der Universit\u00e0 degli Studi di Trento. Im Anschluss daran wird um 20.00 Uhr der Stand-up Comedian Giuseppe Forte erwartet, auf den um 20.30 Uhr der Komponist Matteo Franceschini (alias Tovel) mit einem brandneuen Live-Set folgt. Alle Programmpunkte finden in italienischer Sprache statt.<\/span><\/p>\n","protected":false},"excerpt":{"rendered":"<p>Am 12. und 15.\u00a0M\u00e4rz \u00f6ffnen sich am Kornplatz die T\u00fcren zu Crossing Dorian Gray, einem von der Stiftung Haydn initiierten Format, das sich den Themen, der Atmosph\u00e4re und den vielen Fragen rund um diese neue Opernproduktion widmen wird. Zu Beginn der zweiten Veranstaltung von Crossing unter dem Titel DORIAN GRAY: VOM ROMAN ZUR OPER am [&hellip;]<\/p>\n","protected":false},"featured_media":3611,"template":"","class_list":["post-3637","events","type-events","status-publish","has-post-thumbnail","hentry"],"acf":[],"yoast_head":"<!-- This site is optimized with the Yoast SEO plugin v27.5 - https:\/\/yoast.com\/product\/yoast-seo-wordpress\/ -->\n<title>CROSSING DORIAN GRAY \/ Dorian Gray: vom Roman zur Oper - WAAG<\/title>\n<meta name=\"robots\" content=\"index, follow, max-snippet:-1, max-image-preview:large, max-video-preview:-1\" \/>\n<link rel=\"canonical\" href=\"https:\/\/waaghaus.eu\/de\/events\/crossing-dorian-gray-dorian-gray-vom-roman-zur-oper\/\" \/>\n<meta property=\"og:locale\" content=\"de_DE\" \/>\n<meta property=\"og:type\" content=\"article\" \/>\n<meta property=\"og:title\" content=\"CROSSING DORIAN GRAY \/ Dorian Gray: vom Roman zur Oper - WAAG\" \/>\n<meta property=\"og:description\" content=\"Am 12. und 15.\u00a0M\u00e4rz \u00f6ffnen sich am Kornplatz die T\u00fcren zu Crossing Dorian Gray, einem von der Stiftung Haydn initiierten Format, das sich den Themen, der Atmosph\u00e4re und den vielen Fragen rund um diese neue Opernproduktion widmen wird. Zu Beginn der zweiten Veranstaltung von Crossing unter dem Titel DORIAN GRAY: VOM ROMAN ZUR OPER am [&hellip;]\" \/>\n<meta property=\"og:url\" content=\"https:\/\/waaghaus.eu\/de\/events\/crossing-dorian-gray-dorian-gray-vom-roman-zur-oper\/\" \/>\n<meta property=\"og:site_name\" content=\"WAAG\" \/>\n<meta property=\"og:image\" content=\"https:\/\/waaghaus.eu\/wp-content\/uploads\/2024\/02\/dorian-adv-e1709136629245.jpg\" \/>\n\t<meta property=\"og:image:width\" content=\"1080\" \/>\n\t<meta property=\"og:image:height\" content=\"1080\" \/>\n\t<meta property=\"og:image:type\" content=\"image\/jpeg\" \/>\n<meta name=\"twitter:card\" content=\"summary_large_image\" \/>\n<meta name=\"twitter:label1\" content=\"Gesch\u00e4tzte Lesezeit\" \/>\n\t<meta name=\"twitter:data1\" content=\"1\u00a0Minute\" \/>\n<script type=\"application\/ld+json\" class=\"yoast-schema-graph\">{\"@context\":\"https:\\\/\\\/schema.org\",\"@graph\":[{\"@type\":\"WebPage\",\"@id\":\"https:\\\/\\\/waaghaus.eu\\\/de\\\/events\\\/crossing-dorian-gray-dorian-gray-vom-roman-zur-oper\\\/\",\"url\":\"https:\\\/\\\/waaghaus.eu\\\/de\\\/events\\\/crossing-dorian-gray-dorian-gray-vom-roman-zur-oper\\\/\",\"name\":\"CROSSING DORIAN GRAY \\\/ Dorian Gray: vom Roman zur Oper - WAAG\",\"isPartOf\":{\"@id\":\"https:\\\/\\\/waaghaus.eu\\\/de\\\/#website\"},\"primaryImageOfPage\":{\"@id\":\"https:\\\/\\\/waaghaus.eu\\\/de\\\/events\\\/crossing-dorian-gray-dorian-gray-vom-roman-zur-oper\\\/#primaryimage\"},\"image\":{\"@id\":\"https:\\\/\\\/waaghaus.eu\\\/de\\\/events\\\/crossing-dorian-gray-dorian-gray-vom-roman-zur-oper\\\/#primaryimage\"},\"thumbnailUrl\":\"https:\\\/\\\/waaghaus.eu\\\/wp-content\\\/uploads\\\/2024\\\/02\\\/dorian-adv-e1709136629245.jpg\",\"datePublished\":\"2024-03-06T16:41:33+00:00\",\"breadcrumb\":{\"@id\":\"https:\\\/\\\/waaghaus.eu\\\/de\\\/events\\\/crossing-dorian-gray-dorian-gray-vom-roman-zur-oper\\\/#breadcrumb\"},\"inLanguage\":\"de\",\"potentialAction\":[{\"@type\":\"ReadAction\",\"target\":[\"https:\\\/\\\/waaghaus.eu\\\/de\\\/events\\\/crossing-dorian-gray-dorian-gray-vom-roman-zur-oper\\\/\"]}]},{\"@type\":\"ImageObject\",\"inLanguage\":\"de\",\"@id\":\"https:\\\/\\\/waaghaus.eu\\\/de\\\/events\\\/crossing-dorian-gray-dorian-gray-vom-roman-zur-oper\\\/#primaryimage\",\"url\":\"https:\\\/\\\/waaghaus.eu\\\/wp-content\\\/uploads\\\/2024\\\/02\\\/dorian-adv-e1709136629245.jpg\",\"contentUrl\":\"https:\\\/\\\/waaghaus.eu\\\/wp-content\\\/uploads\\\/2024\\\/02\\\/dorian-adv-e1709136629245.jpg\",\"width\":1080,\"height\":1080},{\"@type\":\"BreadcrumbList\",\"@id\":\"https:\\\/\\\/waaghaus.eu\\\/de\\\/events\\\/crossing-dorian-gray-dorian-gray-vom-roman-zur-oper\\\/#breadcrumb\",\"itemListElement\":[{\"@type\":\"ListItem\",\"position\":1,\"name\":\"Home\",\"item\":\"https:\\\/\\\/waaghaus.eu\\\/de\\\/\"},{\"@type\":\"ListItem\",\"position\":2,\"name\":\"Events\",\"item\":\"https:\\\/\\\/waaghaus.eu\\\/de\\\/events\\\/\"},{\"@type\":\"ListItem\",\"position\":3,\"name\":\"CROSSING DORIAN GRAY \\\/ Dorian Gray: vom Roman zur Oper\"}]},{\"@type\":\"WebSite\",\"@id\":\"https:\\\/\\\/waaghaus.eu\\\/de\\\/#website\",\"url\":\"https:\\\/\\\/waaghaus.eu\\\/de\\\/\",\"name\":\"WAAG\",\"description\":\" a space that is alive for free spirits\",\"potentialAction\":[{\"@type\":\"SearchAction\",\"target\":{\"@type\":\"EntryPoint\",\"urlTemplate\":\"https:\\\/\\\/waaghaus.eu\\\/de\\\/?s={search_term_string}\"},\"query-input\":{\"@type\":\"PropertyValueSpecification\",\"valueRequired\":true,\"valueName\":\"search_term_string\"}}],\"inLanguage\":\"de\"}]}<\/script>\n<!-- \/ Yoast SEO plugin. -->","yoast_head_json":{"title":"CROSSING DORIAN GRAY \/ Dorian Gray: vom Roman zur Oper - WAAG","robots":{"index":"index","follow":"follow","max-snippet":"max-snippet:-1","max-image-preview":"max-image-preview:large","max-video-preview":"max-video-preview:-1"},"canonical":"https:\/\/waaghaus.eu\/de\/events\/crossing-dorian-gray-dorian-gray-vom-roman-zur-oper\/","og_locale":"de_DE","og_type":"article","og_title":"CROSSING DORIAN GRAY \/ Dorian Gray: vom Roman zur Oper - WAAG","og_description":"Am 12. und 15.\u00a0M\u00e4rz \u00f6ffnen sich am Kornplatz die T\u00fcren zu Crossing Dorian Gray, einem von der Stiftung Haydn initiierten Format, das sich den Themen, der Atmosph\u00e4re und den vielen Fragen rund um diese neue Opernproduktion widmen wird. Zu Beginn der zweiten Veranstaltung von Crossing unter dem Titel DORIAN GRAY: VOM ROMAN ZUR OPER am [&hellip;]","og_url":"https:\/\/waaghaus.eu\/de\/events\/crossing-dorian-gray-dorian-gray-vom-roman-zur-oper\/","og_site_name":"WAAG","og_image":[{"width":1080,"height":1080,"url":"https:\/\/waaghaus.eu\/wp-content\/uploads\/2024\/02\/dorian-adv-e1709136629245.jpg","type":"image\/jpeg"}],"twitter_card":"summary_large_image","twitter_misc":{"Gesch\u00e4tzte Lesezeit":"1\u00a0Minute"},"schema":{"@context":"https:\/\/schema.org","@graph":[{"@type":"WebPage","@id":"https:\/\/waaghaus.eu\/de\/events\/crossing-dorian-gray-dorian-gray-vom-roman-zur-oper\/","url":"https:\/\/waaghaus.eu\/de\/events\/crossing-dorian-gray-dorian-gray-vom-roman-zur-oper\/","name":"CROSSING DORIAN GRAY \/ Dorian Gray: vom Roman zur Oper - WAAG","isPartOf":{"@id":"https:\/\/waaghaus.eu\/de\/#website"},"primaryImageOfPage":{"@id":"https:\/\/waaghaus.eu\/de\/events\/crossing-dorian-gray-dorian-gray-vom-roman-zur-oper\/#primaryimage"},"image":{"@id":"https:\/\/waaghaus.eu\/de\/events\/crossing-dorian-gray-dorian-gray-vom-roman-zur-oper\/#primaryimage"},"thumbnailUrl":"https:\/\/waaghaus.eu\/wp-content\/uploads\/2024\/02\/dorian-adv-e1709136629245.jpg","datePublished":"2024-03-06T16:41:33+00:00","breadcrumb":{"@id":"https:\/\/waaghaus.eu\/de\/events\/crossing-dorian-gray-dorian-gray-vom-roman-zur-oper\/#breadcrumb"},"inLanguage":"de","potentialAction":[{"@type":"ReadAction","target":["https:\/\/waaghaus.eu\/de\/events\/crossing-dorian-gray-dorian-gray-vom-roman-zur-oper\/"]}]},{"@type":"ImageObject","inLanguage":"de","@id":"https:\/\/waaghaus.eu\/de\/events\/crossing-dorian-gray-dorian-gray-vom-roman-zur-oper\/#primaryimage","url":"https:\/\/waaghaus.eu\/wp-content\/uploads\/2024\/02\/dorian-adv-e1709136629245.jpg","contentUrl":"https:\/\/waaghaus.eu\/wp-content\/uploads\/2024\/02\/dorian-adv-e1709136629245.jpg","width":1080,"height":1080},{"@type":"BreadcrumbList","@id":"https:\/\/waaghaus.eu\/de\/events\/crossing-dorian-gray-dorian-gray-vom-roman-zur-oper\/#breadcrumb","itemListElement":[{"@type":"ListItem","position":1,"name":"Home","item":"https:\/\/waaghaus.eu\/de\/"},{"@type":"ListItem","position":2,"name":"Events","item":"https:\/\/waaghaus.eu\/de\/events\/"},{"@type":"ListItem","position":3,"name":"CROSSING DORIAN GRAY \/ Dorian Gray: vom Roman zur Oper"}]},{"@type":"WebSite","@id":"https:\/\/waaghaus.eu\/de\/#website","url":"https:\/\/waaghaus.eu\/de\/","name":"WAAG","description":" a space that is alive for free spirits","potentialAction":[{"@type":"SearchAction","target":{"@type":"EntryPoint","urlTemplate":"https:\/\/waaghaus.eu\/de\/?s={search_term_string}"},"query-input":{"@type":"PropertyValueSpecification","valueRequired":true,"valueName":"search_term_string"}}],"inLanguage":"de"}]}},"_links":{"self":[{"href":"https:\/\/waaghaus.eu\/de\/wp-json\/wp\/v2\/events\/3637","targetHints":{"allow":["GET"]}}],"collection":[{"href":"https:\/\/waaghaus.eu\/de\/wp-json\/wp\/v2\/events"}],"about":[{"href":"https:\/\/waaghaus.eu\/de\/wp-json\/wp\/v2\/types\/events"}],"wp:featuredmedia":[{"embeddable":true,"href":"https:\/\/waaghaus.eu\/de\/wp-json\/wp\/v2\/media\/3611"}],"wp:attachment":[{"href":"https:\/\/waaghaus.eu\/de\/wp-json\/wp\/v2\/media?parent=3637"}],"curies":[{"name":"wp","href":"https:\/\/api.w.org\/{rel}","templated":true}]}}

<p>Am 12. und 15. <span lang="DE">März öffnen sich am Kornplatz die Türen zu Crossing Dorian Gray, einem von der Stiftung Haydn initiierten Format, das sich den Themen, der Atmosphäre und den vielen Fragen rund um diese neue Opernproduktion widmen wird. Zu Beginn der zweiten Veranstaltung von Crossing unter dem Titel DORIAN GRAY: VOM ROMAN ZUR OPER am Mittwoch, den 15. März, sprechen Stefano Pintor und Matteo Franceschini mit Francesca Schir, Präsidentin der Psychologenkammer Bozen, und Greta Perletti, Professorin für englische Literatur an der Università degli Studi di Trento. Im Anschluss daran wird um 20.00 Uhr der Stand-up Comedian Giuseppe Forte erwartet, auf den um 20.30 Uhr der Komponist Matteo Franceschini (alias Tovel) mit einem brandneuen Live-Set folgt. Alle Programmpunkte finden in italienischer Sprache statt.</span></p>

<p>Am 12. und 15. März öffnen sich am Kornplatz die Türen zu Crossing Dorian Gray, einem von der Stiftung Haydn initiierten Format, das sich den Themen, der Atmosphäre und den vielen Fragen rund um diese neue Opernproduktion widmen wird. Zu Beginn der zweiten Veranstaltung von Crossing unter dem Titel DORIAN GRAY: VOM ROMAN ZUR OPER am [&hellip;]</p>

<!-- This site is optimized with the Yoast SEO plugin v27.5 - https://yoast.com/product/yoast-seo-wordpress/ -->
<title>CROSSING DORIAN GRAY / Dorian Gray: vom Roman zur Oper - WAAG</title>
<meta name="robots" content="index, follow, max-snippet:-1, max-image-preview:large, max-video-preview:-1" />
<link rel="canonical" href="https://waaghaus.eu/de/events/crossing-dorian-gray-dorian-gray-vom-roman-zur-oper/" />
<meta property="og:locale" content="de_DE" />
<meta property="og:type" content="article" />
<meta property="og:title" content="CROSSING DORIAN GRAY / Dorian Gray: vom Roman zur Oper - WAAG" />
<meta property="og:description" content="Am 12. und 15. März öffnen sich am Kornplatz die Türen zu Crossing Dorian Gray, einem von der Stiftung Haydn initiierten Format, das sich den Themen, der Atmosphäre und den vielen Fragen rund um diese neue Opernproduktion widmen wird. Zu Beginn der zweiten Veranstaltung von Crossing unter dem Titel DORIAN GRAY: VOM ROMAN ZUR OPER am [&hellip;]" />
<meta property="og:url" content="https://waaghaus.eu/de/events/crossing-dorian-gray-dorian-gray-vom-roman-zur-oper/" />
<meta property="og:site_name" content="WAAG" />
<meta property="og:image" content="https://waaghaus.eu/wp-content/uploads/2024/02/dorian-adv-e1709136629245.jpg" />
	<meta property="og:image:width" content="1080" />
	<meta property="og:image:height" content="1080" />
	<meta property="og:image:type" content="image/jpeg" />
<meta name="twitter:card" content="summary_large_image" />
<meta name="twitter:label1" content="Geschätzte Lesezeit" />
	<meta name="twitter:data1" content="1 Minute" />
<script type="application/ld+json" class="yoast-schema-graph">{"@context":"https:\/\/schema.org","@graph":[{"@type":"WebPage","@id":"https:\/\/waaghaus.eu\/de\/events\/crossing-dorian-gray-dorian-gray-vom-roman-zur-oper\/","url":"https:\/\/waaghaus.eu\/de\/events\/crossing-dorian-gray-dorian-gray-vom-roman-zur-oper\/","name":"CROSSING DORIAN GRAY \/ Dorian Gray: vom Roman zur Oper - WAAG","isPartOf":{"@id":"https:\/\/waaghaus.eu\/de\/#website"},"primaryImageOfPage":{"@id":"https:\/\/waaghaus.eu\/de\/events\/crossing-dorian-gray-dorian-gray-vom-roman-zur-oper\/#primaryimage"},"image":{"@id":"https:\/\/waaghaus.eu\/de\/events\/crossing-dorian-gray-dorian-gray-vom-roman-zur-oper\/#primaryimage"},"thumbnailUrl":"https:\/\/waaghaus.eu\/wp-content\/uploads\/2024\/02\/dorian-adv-e1709136629245.jpg","datePublished":"2024-03-06T16:41:33+00:00","breadcrumb":{"@id":"https:\/\/waaghaus.eu\/de\/events\/crossing-dorian-gray-dorian-gray-vom-roman-zur-oper\/#breadcrumb"},"inLanguage":"de","potentialAction":[{"@type":"ReadAction","target":["https:\/\/waaghaus.eu\/de\/events\/crossing-dorian-gray-dorian-gray-vom-roman-zur-oper\/"]}]},{"@type":"ImageObject","inLanguage":"de","@id":"https:\/\/waaghaus.eu\/de\/events\/crossing-dorian-gray-dorian-gray-vom-roman-zur-oper\/#primaryimage","url":"https:\/\/waaghaus.eu\/wp-content\/uploads\/2024\/02\/dorian-adv-e1709136629245.jpg","contentUrl":"https:\/\/waaghaus.eu\/wp-content\/uploads\/2024\/02\/dorian-adv-e1709136629245.jpg","width":1080,"height":1080},{"@type":"BreadcrumbList","@id":"https:\/\/waaghaus.eu\/de\/events\/crossing-dorian-gray-dorian-gray-vom-roman-zur-oper\/#breadcrumb","itemListElement":[{"@type":"ListItem","position":1,"name":"Home","item":"https:\/\/waaghaus.eu\/de\/"},{"@type":"ListItem","position":2,"name":"Events","item":"https:\/\/waaghaus.eu\/de\/events\/"},{"@type":"ListItem","position":3,"name":"CROSSING DORIAN GRAY \/ Dorian Gray: vom Roman zur Oper"}]},{"@type":"WebSite","@id":"https:\/\/waaghaus.eu\/de\/#website","url":"https:\/\/waaghaus.eu\/de\/","name":"WAAG","description":" a space that is alive for free spirits","potentialAction":[{"@type":"SearchAction","target":{"@type":"EntryPoint","urlTemplate":"https:\/\/waaghaus.eu\/de\/?s={search_term_string}"},"query-input":{"@type":"PropertyValueSpecification","valueRequired":true,"valueName":"search_term_string"}}],"inLanguage":"de"}]}</script>
<!-- / Yoast SEO plugin. -->

Am 12. und 15. März öffnen sich am Kornplatz die Türen zu Crossing Dorian Gray, einem von der Stiftung Haydn initiierten Format, das sich den Themen, der Atmosphäre und den vielen Fragen rund um diese neue Opernproduktion widmen wird. Zu Beginn der zweiten Veranstaltung von Crossing unter dem Titel DORIAN GRAY: VOM ROMAN ZUR OPER am [&hellip;]
