{"id":3630,"date":"2024-03-06T15:36:21","date_gmt":"2024-03-06T15:36:21","guid":{"rendered":"https:\/\/waaghaus.eu\/?post_type=events&#038;p=3630"},"modified":"2024-03-06T15:36:21","modified_gmt":"2024-03-06T15:36:21","slug":"eduard-reut-nicolussi-im-fokus-des-euregio-kulturdonnerstags","status":"publish","type":"events","link":"https:\/\/waaghaus.eu\/de\/events\/eduard-reut-nicolussi-im-fokus-des-euregio-kulturdonnerstags\/","title":{"rendered":"Eduard Reut-Nicolussi im Fokus des Euregio-Kulturdonnerstags"},"content":{"rendered":"<p><span data-contrast=\"auto\">Der n\u00e4chste Euregio-Kulturdonnerstag <\/span><span data-contrast=\"auto\">beleuchtet eine Pers\u00f6nlichkeit, die gro\u00dfe Fu\u00dfstapfen in der Euregio hinterlassen hat: Eduard Reut-Nicolussi <span class=\"NormalTextRun SCXW153017632 BCX8\">(1888-1958)<\/span>. D<span class=\"NormalTextRun SCXW153017632 BCX8\">er aus der <\/span><span class=\"NormalTextRun SCXW153017632 BCX8\">deutschen Sprachinsel Lusern im Trentino stammende Jurist und Politiker war auch <\/span><span class=\"NormalTextRun SCXW153017632 BCX8\">ein leidenschaftlicher Vertreter S\u00fcdtirols. <span class=\"TextRun SCXW160713600 BCX8\" lang=\"DE-AT\" xml:lang=\"DE-AT\" data-contrast=\"auto\"><span class=\"NormalTextRun SCXW160713600 BCX8\">Professor Michael Gehler aus Deutschland wird <\/span><span class=\"NormalTextRun SCXW160713600 BCX8\">das spannende Leben und Wirken von Reut-Nicolussi beleuchten. <\/span><span class=\"NormalTextRun SCXW160713600 BCX8\">Musikalisch u<\/span><span class=\"NormalTextRun SCXW160713600 BCX8\">mrahmt wird die <\/span><span class=\"NormalTextRun SCXW160713600 BCX8\">Veranstaltung vom Kleinen Chor des <\/span><span class=\"NormalTextRun SCXW160713600 BCX8\">MGV Bozen<\/span><span class=\"NormalTextRun SCXW160713600 BCX8\">.<\/span><\/span><span class=\"EOP SCXW160713600 BCX8\" data-ccp-props=\"{&quot;201341983&quot;:0,&quot;335559739&quot;:0,&quot;335559740&quot;:240}\">\u00a0<\/span><\/span><\/span><\/p>\n","protected":false},"excerpt":{"rendered":"<p>Der n\u00e4chste Euregio-Kulturdonnerstag beleuchtet eine Pers\u00f6nlichkeit, die gro\u00dfe Fu\u00dfstapfen in der Euregio hinterlassen hat: Eduard Reut-Nicolussi (1888-1958). Der aus der deutschen Sprachinsel Lusern im Trentino stammende Jurist und Politiker war auch ein leidenschaftlicher Vertreter S\u00fcdtirols. Professor Michael Gehler aus Deutschland wird das spannende Leben und Wirken von Reut-Nicolussi beleuchten. Musikalisch umrahmt wird die Veranstaltung vom [&hellip;]<\/p>\n","protected":false},"featured_media":3631,"template":"","class_list":["post-3630","events","type-events","status-publish","has-post-thumbnail","hentry"],"acf":[],"yoast_head":"<!-- This site is optimized with the Yoast SEO plugin v27.5 - https:\/\/yoast.com\/product\/yoast-seo-wordpress\/ -->\n<title>Eduard Reut-Nicolussi im Fokus des Euregio-Kulturdonnerstags - WAAG<\/title>\n<meta name=\"robots\" content=\"index, follow, max-snippet:-1, max-image-preview:large, max-video-preview:-1\" \/>\n<link rel=\"canonical\" href=\"https:\/\/waaghaus.eu\/de\/events\/eduard-reut-nicolussi-im-fokus-des-euregio-kulturdonnerstags\/\" \/>\n<meta property=\"og:locale\" content=\"de_DE\" \/>\n<meta property=\"og:type\" content=\"article\" \/>\n<meta property=\"og:title\" content=\"Eduard Reut-Nicolussi im Fokus des Euregio-Kulturdonnerstags - WAAG\" \/>\n<meta property=\"og:description\" content=\"Der n\u00e4chste Euregio-Kulturdonnerstag beleuchtet eine Pers\u00f6nlichkeit, die gro\u00dfe Fu\u00dfstapfen in der Euregio hinterlassen hat: Eduard Reut-Nicolussi (1888-1958). Der aus der deutschen Sprachinsel Lusern im Trentino stammende Jurist und Politiker war auch ein leidenschaftlicher Vertreter S\u00fcdtirols. Professor Michael Gehler aus Deutschland wird das spannende Leben und Wirken von Reut-Nicolussi beleuchten. Musikalisch umrahmt wird die Veranstaltung vom [&hellip;]\" \/>\n<meta property=\"og:url\" content=\"https:\/\/waaghaus.eu\/de\/events\/eduard-reut-nicolussi-im-fokus-des-euregio-kulturdonnerstags\/\" \/>\n<meta property=\"og:site_name\" content=\"WAAG\" \/>\n<meta property=\"og:image\" content=\"https:\/\/waaghaus.eu\/wp-content\/uploads\/2024\/03\/Eduard-Reut-Nicolussi-C-Bildarchiv-Austria.jpg\" \/>\n\t<meta property=\"og:image:width\" content=\"830\" \/>\n\t<meta property=\"og:image:height\" content=\"580\" \/>\n\t<meta property=\"og:image:type\" content=\"image\/jpeg\" \/>\n<meta name=\"twitter:card\" content=\"summary_large_image\" \/>\n<meta name=\"twitter:label1\" content=\"Gesch\u00e4tzte Lesezeit\" \/>\n\t<meta name=\"twitter:data1\" content=\"1\u00a0Minute\" \/>\n<script type=\"application\/ld+json\" class=\"yoast-schema-graph\">{\"@context\":\"https:\\\/\\\/schema.org\",\"@graph\":[{\"@type\":\"WebPage\",\"@id\":\"https:\\\/\\\/waaghaus.eu\\\/de\\\/events\\\/eduard-reut-nicolussi-im-fokus-des-euregio-kulturdonnerstags\\\/\",\"url\":\"https:\\\/\\\/waaghaus.eu\\\/de\\\/events\\\/eduard-reut-nicolussi-im-fokus-des-euregio-kulturdonnerstags\\\/\",\"name\":\"Eduard Reut-Nicolussi im Fokus des Euregio-Kulturdonnerstags - WAAG\",\"isPartOf\":{\"@id\":\"https:\\\/\\\/waaghaus.eu\\\/de\\\/#website\"},\"primaryImageOfPage\":{\"@id\":\"https:\\\/\\\/waaghaus.eu\\\/de\\\/events\\\/eduard-reut-nicolussi-im-fokus-des-euregio-kulturdonnerstags\\\/#primaryimage\"},\"image\":{\"@id\":\"https:\\\/\\\/waaghaus.eu\\\/de\\\/events\\\/eduard-reut-nicolussi-im-fokus-des-euregio-kulturdonnerstags\\\/#primaryimage\"},\"thumbnailUrl\":\"https:\\\/\\\/waaghaus.eu\\\/wp-content\\\/uploads\\\/2024\\\/03\\\/Eduard-Reut-Nicolussi-C-Bildarchiv-Austria.jpg\",\"datePublished\":\"2024-03-06T15:36:21+00:00\",\"breadcrumb\":{\"@id\":\"https:\\\/\\\/waaghaus.eu\\\/de\\\/events\\\/eduard-reut-nicolussi-im-fokus-des-euregio-kulturdonnerstags\\\/#breadcrumb\"},\"inLanguage\":\"de\",\"potentialAction\":[{\"@type\":\"ReadAction\",\"target\":[\"https:\\\/\\\/waaghaus.eu\\\/de\\\/events\\\/eduard-reut-nicolussi-im-fokus-des-euregio-kulturdonnerstags\\\/\"]}]},{\"@type\":\"ImageObject\",\"inLanguage\":\"de\",\"@id\":\"https:\\\/\\\/waaghaus.eu\\\/de\\\/events\\\/eduard-reut-nicolussi-im-fokus-des-euregio-kulturdonnerstags\\\/#primaryimage\",\"url\":\"https:\\\/\\\/waaghaus.eu\\\/wp-content\\\/uploads\\\/2024\\\/03\\\/Eduard-Reut-Nicolussi-C-Bildarchiv-Austria.jpg\",\"contentUrl\":\"https:\\\/\\\/waaghaus.eu\\\/wp-content\\\/uploads\\\/2024\\\/03\\\/Eduard-Reut-Nicolussi-C-Bildarchiv-Austria.jpg\",\"width\":830,\"height\":580,\"caption\":\"Bildnis (: Halbfigur vor Mikrofon stehend, fast Linksprofil) in Gruppe w\u2030hrend einer Massenkundgebung in Linz f\u00b8r die Wiedervereinigung S\u00b8dtirols mit \u00f7sterreich 1946.\"},{\"@type\":\"BreadcrumbList\",\"@id\":\"https:\\\/\\\/waaghaus.eu\\\/de\\\/events\\\/eduard-reut-nicolussi-im-fokus-des-euregio-kulturdonnerstags\\\/#breadcrumb\",\"itemListElement\":[{\"@type\":\"ListItem\",\"position\":1,\"name\":\"Home\",\"item\":\"https:\\\/\\\/waaghaus.eu\\\/de\\\/\"},{\"@type\":\"ListItem\",\"position\":2,\"name\":\"Events\",\"item\":\"https:\\\/\\\/waaghaus.eu\\\/de\\\/events\\\/\"},{\"@type\":\"ListItem\",\"position\":3,\"name\":\"Eduard Reut-Nicolussi im Fokus des Euregio-Kulturdonnerstags\"}]},{\"@type\":\"WebSite\",\"@id\":\"https:\\\/\\\/waaghaus.eu\\\/de\\\/#website\",\"url\":\"https:\\\/\\\/waaghaus.eu\\\/de\\\/\",\"name\":\"WAAG\",\"description\":\" a space that is alive for free spirits\",\"potentialAction\":[{\"@type\":\"SearchAction\",\"target\":{\"@type\":\"EntryPoint\",\"urlTemplate\":\"https:\\\/\\\/waaghaus.eu\\\/de\\\/?s={search_term_string}\"},\"query-input\":{\"@type\":\"PropertyValueSpecification\",\"valueRequired\":true,\"valueName\":\"search_term_string\"}}],\"inLanguage\":\"de\"}]}<\/script>\n<!-- \/ Yoast SEO plugin. -->","yoast_head_json":{"title":"Eduard Reut-Nicolussi im Fokus des Euregio-Kulturdonnerstags - WAAG","robots":{"index":"index","follow":"follow","max-snippet":"max-snippet:-1","max-image-preview":"max-image-preview:large","max-video-preview":"max-video-preview:-1"},"canonical":"https:\/\/waaghaus.eu\/de\/events\/eduard-reut-nicolussi-im-fokus-des-euregio-kulturdonnerstags\/","og_locale":"de_DE","og_type":"article","og_title":"Eduard Reut-Nicolussi im Fokus des Euregio-Kulturdonnerstags - WAAG","og_description":"Der n\u00e4chste Euregio-Kulturdonnerstag beleuchtet eine Pers\u00f6nlichkeit, die gro\u00dfe Fu\u00dfstapfen in der Euregio hinterlassen hat: Eduard Reut-Nicolussi (1888-1958). Der aus der deutschen Sprachinsel Lusern im Trentino stammende Jurist und Politiker war auch ein leidenschaftlicher Vertreter S\u00fcdtirols. Professor Michael Gehler aus Deutschland wird das spannende Leben und Wirken von Reut-Nicolussi beleuchten. Musikalisch umrahmt wird die Veranstaltung vom [&hellip;]","og_url":"https:\/\/waaghaus.eu\/de\/events\/eduard-reut-nicolussi-im-fokus-des-euregio-kulturdonnerstags\/","og_site_name":"WAAG","og_image":[{"width":830,"height":580,"url":"https:\/\/waaghaus.eu\/wp-content\/uploads\/2024\/03\/Eduard-Reut-Nicolussi-C-Bildarchiv-Austria.jpg","type":"image\/jpeg"}],"twitter_card":"summary_large_image","twitter_misc":{"Gesch\u00e4tzte Lesezeit":"1\u00a0Minute"},"schema":{"@context":"https:\/\/schema.org","@graph":[{"@type":"WebPage","@id":"https:\/\/waaghaus.eu\/de\/events\/eduard-reut-nicolussi-im-fokus-des-euregio-kulturdonnerstags\/","url":"https:\/\/waaghaus.eu\/de\/events\/eduard-reut-nicolussi-im-fokus-des-euregio-kulturdonnerstags\/","name":"Eduard Reut-Nicolussi im Fokus des Euregio-Kulturdonnerstags - WAAG","isPartOf":{"@id":"https:\/\/waaghaus.eu\/de\/#website"},"primaryImageOfPage":{"@id":"https:\/\/waaghaus.eu\/de\/events\/eduard-reut-nicolussi-im-fokus-des-euregio-kulturdonnerstags\/#primaryimage"},"image":{"@id":"https:\/\/waaghaus.eu\/de\/events\/eduard-reut-nicolussi-im-fokus-des-euregio-kulturdonnerstags\/#primaryimage"},"thumbnailUrl":"https:\/\/waaghaus.eu\/wp-content\/uploads\/2024\/03\/Eduard-Reut-Nicolussi-C-Bildarchiv-Austria.jpg","datePublished":"2024-03-06T15:36:21+00:00","breadcrumb":{"@id":"https:\/\/waaghaus.eu\/de\/events\/eduard-reut-nicolussi-im-fokus-des-euregio-kulturdonnerstags\/#breadcrumb"},"inLanguage":"de","potentialAction":[{"@type":"ReadAction","target":["https:\/\/waaghaus.eu\/de\/events\/eduard-reut-nicolussi-im-fokus-des-euregio-kulturdonnerstags\/"]}]},{"@type":"ImageObject","inLanguage":"de","@id":"https:\/\/waaghaus.eu\/de\/events\/eduard-reut-nicolussi-im-fokus-des-euregio-kulturdonnerstags\/#primaryimage","url":"https:\/\/waaghaus.eu\/wp-content\/uploads\/2024\/03\/Eduard-Reut-Nicolussi-C-Bildarchiv-Austria.jpg","contentUrl":"https:\/\/waaghaus.eu\/wp-content\/uploads\/2024\/03\/Eduard-Reut-Nicolussi-C-Bildarchiv-Austria.jpg","width":830,"height":580,"caption":"Bildnis (: Halbfigur vor Mikrofon stehend, fast Linksprofil) in Gruppe w\u2030hrend einer Massenkundgebung in Linz f\u00b8r die Wiedervereinigung S\u00b8dtirols mit \u00f7sterreich 1946."},{"@type":"BreadcrumbList","@id":"https:\/\/waaghaus.eu\/de\/events\/eduard-reut-nicolussi-im-fokus-des-euregio-kulturdonnerstags\/#breadcrumb","itemListElement":[{"@type":"ListItem","position":1,"name":"Home","item":"https:\/\/waaghaus.eu\/de\/"},{"@type":"ListItem","position":2,"name":"Events","item":"https:\/\/waaghaus.eu\/de\/events\/"},{"@type":"ListItem","position":3,"name":"Eduard Reut-Nicolussi im Fokus des Euregio-Kulturdonnerstags"}]},{"@type":"WebSite","@id":"https:\/\/waaghaus.eu\/de\/#website","url":"https:\/\/waaghaus.eu\/de\/","name":"WAAG","description":" a space that is alive for free spirits","potentialAction":[{"@type":"SearchAction","target":{"@type":"EntryPoint","urlTemplate":"https:\/\/waaghaus.eu\/de\/?s={search_term_string}"},"query-input":{"@type":"PropertyValueSpecification","valueRequired":true,"valueName":"search_term_string"}}],"inLanguage":"de"}]}},"_links":{"self":[{"href":"https:\/\/waaghaus.eu\/de\/wp-json\/wp\/v2\/events\/3630","targetHints":{"allow":["GET"]}}],"collection":[{"href":"https:\/\/waaghaus.eu\/de\/wp-json\/wp\/v2\/events"}],"about":[{"href":"https:\/\/waaghaus.eu\/de\/wp-json\/wp\/v2\/types\/events"}],"wp:featuredmedia":[{"embeddable":true,"href":"https:\/\/waaghaus.eu\/de\/wp-json\/wp\/v2\/media\/3631"}],"wp:attachment":[{"href":"https:\/\/waaghaus.eu\/de\/wp-json\/wp\/v2\/media?parent=3630"}],"curies":[{"name":"wp","href":"https:\/\/api.w.org\/{rel}","templated":true}]}}

<p><span data-contrast="auto">Der nächste Euregio-Kulturdonnerstag </span><span data-contrast="auto">beleuchtet eine Persönlichkeit, die große Fußstapfen in der Euregio hinterlassen hat: Eduard Reut-Nicolussi <span class="NormalTextRun SCXW153017632 BCX8">(1888-1958)</span>. D<span class="NormalTextRun SCXW153017632 BCX8">er aus der </span><span class="NormalTextRun SCXW153017632 BCX8">deutschen Sprachinsel Lusern im Trentino stammende Jurist und Politiker war auch </span><span class="NormalTextRun SCXW153017632 BCX8">ein leidenschaftlicher Vertreter Südtirols. <span class="TextRun SCXW160713600 BCX8" lang="DE-AT" xml:lang="DE-AT" data-contrast="auto"><span class="NormalTextRun SCXW160713600 BCX8">Professor Michael Gehler aus Deutschland wird </span><span class="NormalTextRun SCXW160713600 BCX8">das spannende Leben und Wirken von Reut-Nicolussi beleuchten. </span><span class="NormalTextRun SCXW160713600 BCX8">Musikalisch u</span><span class="NormalTextRun SCXW160713600 BCX8">mrahmt wird die </span><span class="NormalTextRun SCXW160713600 BCX8">Veranstaltung vom Kleinen Chor des </span><span class="NormalTextRun SCXW160713600 BCX8">MGV Bozen</span><span class="NormalTextRun SCXW160713600 BCX8">.</span></span><span class="EOP SCXW160713600 BCX8" data-ccp-props="{&quot;201341983&quot;:0,&quot;335559739&quot;:0,&quot;335559740&quot;:240}"> </span></span></span></p>

<p>Der nächste Euregio-Kulturdonnerstag beleuchtet eine Persönlichkeit, die große Fußstapfen in der Euregio hinterlassen hat: Eduard Reut-Nicolussi (1888-1958). Der aus der deutschen Sprachinsel Lusern im Trentino stammende Jurist und Politiker war auch ein leidenschaftlicher Vertreter Südtirols. Professor Michael Gehler aus Deutschland wird das spannende Leben und Wirken von Reut-Nicolussi beleuchten. Musikalisch umrahmt wird die Veranstaltung vom [&hellip;]</p>

<!-- This site is optimized with the Yoast SEO plugin v27.5 - https://yoast.com/product/yoast-seo-wordpress/ -->
<title>Eduard Reut-Nicolussi im Fokus des Euregio-Kulturdonnerstags - WAAG</title>
<meta name="robots" content="index, follow, max-snippet:-1, max-image-preview:large, max-video-preview:-1" />
<link rel="canonical" href="https://waaghaus.eu/de/events/eduard-reut-nicolussi-im-fokus-des-euregio-kulturdonnerstags/" />
<meta property="og:locale" content="de_DE" />
<meta property="og:type" content="article" />
<meta property="og:title" content="Eduard Reut-Nicolussi im Fokus des Euregio-Kulturdonnerstags - WAAG" />
<meta property="og:description" content="Der nächste Euregio-Kulturdonnerstag beleuchtet eine Persönlichkeit, die große Fußstapfen in der Euregio hinterlassen hat: Eduard Reut-Nicolussi (1888-1958). Der aus der deutschen Sprachinsel Lusern im Trentino stammende Jurist und Politiker war auch ein leidenschaftlicher Vertreter Südtirols. Professor Michael Gehler aus Deutschland wird das spannende Leben und Wirken von Reut-Nicolussi beleuchten. Musikalisch umrahmt wird die Veranstaltung vom [&hellip;]" />
<meta property="og:url" content="https://waaghaus.eu/de/events/eduard-reut-nicolussi-im-fokus-des-euregio-kulturdonnerstags/" />
<meta property="og:site_name" content="WAAG" />
<meta property="og:image" content="https://waaghaus.eu/wp-content/uploads/2024/03/Eduard-Reut-Nicolussi-C-Bildarchiv-Austria.jpg" />
	<meta property="og:image:width" content="830" />
	<meta property="og:image:height" content="580" />
	<meta property="og:image:type" content="image/jpeg" />
<meta name="twitter:card" content="summary_large_image" />
<meta name="twitter:label1" content="Geschätzte Lesezeit" />
	<meta name="twitter:data1" content="1 Minute" />
<script type="application/ld+json" class="yoast-schema-graph">{"@context":"https:\/\/schema.org","@graph":[{"@type":"WebPage","@id":"https:\/\/waaghaus.eu\/de\/events\/eduard-reut-nicolussi-im-fokus-des-euregio-kulturdonnerstags\/","url":"https:\/\/waaghaus.eu\/de\/events\/eduard-reut-nicolussi-im-fokus-des-euregio-kulturdonnerstags\/","name":"Eduard Reut-Nicolussi im Fokus des Euregio-Kulturdonnerstags - WAAG","isPartOf":{"@id":"https:\/\/waaghaus.eu\/de\/#website"},"primaryImageOfPage":{"@id":"https:\/\/waaghaus.eu\/de\/events\/eduard-reut-nicolussi-im-fokus-des-euregio-kulturdonnerstags\/#primaryimage"},"image":{"@id":"https:\/\/waaghaus.eu\/de\/events\/eduard-reut-nicolussi-im-fokus-des-euregio-kulturdonnerstags\/#primaryimage"},"thumbnailUrl":"https:\/\/waaghaus.eu\/wp-content\/uploads\/2024\/03\/Eduard-Reut-Nicolussi-C-Bildarchiv-Austria.jpg","datePublished":"2024-03-06T15:36:21+00:00","breadcrumb":{"@id":"https:\/\/waaghaus.eu\/de\/events\/eduard-reut-nicolussi-im-fokus-des-euregio-kulturdonnerstags\/#breadcrumb"},"inLanguage":"de","potentialAction":[{"@type":"ReadAction","target":["https:\/\/waaghaus.eu\/de\/events\/eduard-reut-nicolussi-im-fokus-des-euregio-kulturdonnerstags\/"]}]},{"@type":"ImageObject","inLanguage":"de","@id":"https:\/\/waaghaus.eu\/de\/events\/eduard-reut-nicolussi-im-fokus-des-euregio-kulturdonnerstags\/#primaryimage","url":"https:\/\/waaghaus.eu\/wp-content\/uploads\/2024\/03\/Eduard-Reut-Nicolussi-C-Bildarchiv-Austria.jpg","contentUrl":"https:\/\/waaghaus.eu\/wp-content\/uploads\/2024\/03\/Eduard-Reut-Nicolussi-C-Bildarchiv-Austria.jpg","width":830,"height":580,"caption":"Bildnis (: Halbfigur vor Mikrofon stehend, fast Linksprofil) in Gruppe w‰hrend einer Massenkundgebung in Linz f¸r die Wiedervereinigung S¸dtirols mit ÷sterreich 1946."},{"@type":"BreadcrumbList","@id":"https:\/\/waaghaus.eu\/de\/events\/eduard-reut-nicolussi-im-fokus-des-euregio-kulturdonnerstags\/#breadcrumb","itemListElement":[{"@type":"ListItem","position":1,"name":"Home","item":"https:\/\/waaghaus.eu\/de\/"},{"@type":"ListItem","position":2,"name":"Events","item":"https:\/\/waaghaus.eu\/de\/events\/"},{"@type":"ListItem","position":3,"name":"Eduard Reut-Nicolussi im Fokus des Euregio-Kulturdonnerstags"}]},{"@type":"WebSite","@id":"https:\/\/waaghaus.eu\/de\/#website","url":"https:\/\/waaghaus.eu\/de\/","name":"WAAG","description":" a space that is alive for free spirits","potentialAction":[{"@type":"SearchAction","target":{"@type":"EntryPoint","urlTemplate":"https:\/\/waaghaus.eu\/de\/?s={search_term_string}"},"query-input":{"@type":"PropertyValueSpecification","valueRequired":true,"valueName":"search_term_string"}}],"inLanguage":"de"}]}</script>
<!-- / Yoast SEO plugin. -->

Der nächste Euregio-Kulturdonnerstag beleuchtet eine Persönlichkeit, die große Fußstapfen in der Euregio hinterlassen hat: Eduard Reut-Nicolussi (1888-1958). Der aus der deutschen Sprachinsel Lusern im Trentino stammende Jurist und Politiker war auch ein leidenschaftlicher Vertreter Südtirols. Professor Michael Gehler aus Deutschland wird das spannende Leben und Wirken von Reut-Nicolussi beleuchten. Musikalisch umrahmt wird die Veranstaltung vom [&hellip;]
