{"id":3199,"date":"2023-09-19T13:57:45","date_gmt":"2023-09-19T13:57:45","guid":{"rendered":"https:\/\/waaghaus.eu\/?post_type=events&#038;p=3199"},"modified":"2023-09-22T15:09:50","modified_gmt":"2023-09-22T15:09:50","slug":"heinrich-haller-der-moench-im-rosengarten","status":"publish","type":"events","link":"https:\/\/waaghaus.eu\/de\/events\/heinrich-haller-der-moench-im-rosengarten\/","title":{"rendered":"Heinrich Haller: Der M\u00f6nch im Rosengarten"},"content":{"rendered":"<p>Max Siller, Professor f\u00fcr germanistische Medi\u00e4vistik an der Universit\u00e4t Innsbruck (i.R.), wird in einer Gesamtschau die Person und das Wirken des im Mittelalter in der Kartause Schnals lebenden Kart\u00e4userm\u00f6nchs Heinrich Haller vorstellen.<br \/>\nAls M\u00f6nch durfte er seine Zelle nicht verlassen, seine \u00dcbersetzungen f\u00fchrten ihn aber auf imaginierte Pilgerfahrten und phantastische Reisen in schreckliche wie auch paradiesische Anderwelten.<\/p>\n<p>Die Veranstaltung findet im Rahmen der Tagung \u201eHeinrich Haller \u2013 ein Tiroler M\u00f6nch als \u00dcbersetzer\u201c statt, die vom S\u00fcdtiroler Kulturinstitut veranstaltet wird; nur in deutscher Sprache!<\/p>\n<p>Musikalische Begleitung: Ensemble Rosarum Flores, Innsbruck<\/p>\n","protected":false},"excerpt":{"rendered":"<p>Max Siller, Professor f\u00fcr germanistische Medi\u00e4vistik an der Universit\u00e4t Innsbruck (i.R.), wird in einer Gesamtschau die Person und das Wirken des im Mittelalter in der Kartause Schnals lebenden Kart\u00e4userm\u00f6nchs Heinrich Haller vorstellen. Als M\u00f6nch durfte er seine Zelle nicht verlassen, seine \u00dcbersetzungen f\u00fchrten ihn aber auf imaginierte Pilgerfahrten und phantastische Reisen in schreckliche wie auch [&hellip;]<\/p>\n","protected":false},"featured_media":3201,"template":"","class_list":["post-3199","events","type-events","status-publish","has-post-thumbnail","hentry"],"acf":[],"yoast_head":"<!-- This site is optimized with the Yoast SEO plugin v27.5 - https:\/\/yoast.com\/product\/yoast-seo-wordpress\/ -->\n<title>Heinrich Haller: Der M\u00f6nch im Rosengarten - WAAG<\/title>\n<meta name=\"robots\" content=\"index, follow, max-snippet:-1, max-image-preview:large, max-video-preview:-1\" \/>\n<link rel=\"canonical\" href=\"https:\/\/waaghaus.eu\/de\/events\/heinrich-haller-der-moench-im-rosengarten\/\" \/>\n<meta property=\"og:locale\" content=\"de_DE\" \/>\n<meta property=\"og:type\" content=\"article\" \/>\n<meta property=\"og:title\" content=\"Heinrich Haller: Der M\u00f6nch im Rosengarten - WAAG\" \/>\n<meta property=\"og:description\" content=\"Max Siller, Professor f\u00fcr germanistische Medi\u00e4vistik an der Universit\u00e4t Innsbruck (i.R.), wird in einer Gesamtschau die Person und das Wirken des im Mittelalter in der Kartause Schnals lebenden Kart\u00e4userm\u00f6nchs Heinrich Haller vorstellen. Als M\u00f6nch durfte er seine Zelle nicht verlassen, seine \u00dcbersetzungen f\u00fchrten ihn aber auf imaginierte Pilgerfahrten und phantastische Reisen in schreckliche wie auch [&hellip;]\" \/>\n<meta property=\"og:url\" content=\"https:\/\/waaghaus.eu\/de\/events\/heinrich-haller-der-moench-im-rosengarten\/\" \/>\n<meta property=\"og:site_name\" content=\"WAAG\" \/>\n<meta property=\"article:modified_time\" content=\"2023-09-22T15:09:50+00:00\" \/>\n<meta property=\"og:image\" content=\"https:\/\/waaghaus.eu\/wp-content\/uploads\/2023\/09\/20230716_125801_Kreuzgang-blue-mystice_verkurzt-1.jpg\" \/>\n\t<meta property=\"og:image:width\" content=\"1334\" \/>\n\t<meta property=\"og:image:height\" content=\"1605\" \/>\n\t<meta property=\"og:image:type\" content=\"image\/jpeg\" \/>\n<meta name=\"twitter:card\" content=\"summary_large_image\" \/>\n<meta name=\"twitter:label1\" content=\"Gesch\u00e4tzte Lesezeit\" \/>\n\t<meta name=\"twitter:data1\" content=\"1\u00a0Minute\" \/>\n<script type=\"application\/ld+json\" class=\"yoast-schema-graph\">{\"@context\":\"https:\\\/\\\/schema.org\",\"@graph\":[{\"@type\":\"WebPage\",\"@id\":\"https:\\\/\\\/waaghaus.eu\\\/de\\\/events\\\/heinrich-haller-der-moench-im-rosengarten\\\/\",\"url\":\"https:\\\/\\\/waaghaus.eu\\\/de\\\/events\\\/heinrich-haller-der-moench-im-rosengarten\\\/\",\"name\":\"Heinrich Haller: Der M\u00f6nch im Rosengarten - WAAG\",\"isPartOf\":{\"@id\":\"https:\\\/\\\/waaghaus.eu\\\/de\\\/#website\"},\"primaryImageOfPage\":{\"@id\":\"https:\\\/\\\/waaghaus.eu\\\/de\\\/events\\\/heinrich-haller-der-moench-im-rosengarten\\\/#primaryimage\"},\"image\":{\"@id\":\"https:\\\/\\\/waaghaus.eu\\\/de\\\/events\\\/heinrich-haller-der-moench-im-rosengarten\\\/#primaryimage\"},\"thumbnailUrl\":\"https:\\\/\\\/waaghaus.eu\\\/wp-content\\\/uploads\\\/2023\\\/09\\\/20230716_125801_Kreuzgang-blue-mystice_verkurzt-1.jpg\",\"datePublished\":\"2023-09-19T13:57:45+00:00\",\"dateModified\":\"2023-09-22T15:09:50+00:00\",\"breadcrumb\":{\"@id\":\"https:\\\/\\\/waaghaus.eu\\\/de\\\/events\\\/heinrich-haller-der-moench-im-rosengarten\\\/#breadcrumb\"},\"inLanguage\":\"de\",\"potentialAction\":[{\"@type\":\"ReadAction\",\"target\":[\"https:\\\/\\\/waaghaus.eu\\\/de\\\/events\\\/heinrich-haller-der-moench-im-rosengarten\\\/\"]}]},{\"@type\":\"ImageObject\",\"inLanguage\":\"de\",\"@id\":\"https:\\\/\\\/waaghaus.eu\\\/de\\\/events\\\/heinrich-haller-der-moench-im-rosengarten\\\/#primaryimage\",\"url\":\"https:\\\/\\\/waaghaus.eu\\\/wp-content\\\/uploads\\\/2023\\\/09\\\/20230716_125801_Kreuzgang-blue-mystice_verkurzt-1.jpg\",\"contentUrl\":\"https:\\\/\\\/waaghaus.eu\\\/wp-content\\\/uploads\\\/2023\\\/09\\\/20230716_125801_Kreuzgang-blue-mystice_verkurzt-1.jpg\",\"width\":1334,\"height\":1605},{\"@type\":\"BreadcrumbList\",\"@id\":\"https:\\\/\\\/waaghaus.eu\\\/de\\\/events\\\/heinrich-haller-der-moench-im-rosengarten\\\/#breadcrumb\",\"itemListElement\":[{\"@type\":\"ListItem\",\"position\":1,\"name\":\"Home\",\"item\":\"https:\\\/\\\/waaghaus.eu\\\/de\\\/\"},{\"@type\":\"ListItem\",\"position\":2,\"name\":\"Events\",\"item\":\"https:\\\/\\\/waaghaus.eu\\\/de\\\/events\\\/\"},{\"@type\":\"ListItem\",\"position\":3,\"name\":\"Heinrich Haller: Der M\u00f6nch im Rosengarten\"}]},{\"@type\":\"WebSite\",\"@id\":\"https:\\\/\\\/waaghaus.eu\\\/de\\\/#website\",\"url\":\"https:\\\/\\\/waaghaus.eu\\\/de\\\/\",\"name\":\"WAAG\",\"description\":\" a space that is alive for free spirits\",\"potentialAction\":[{\"@type\":\"SearchAction\",\"target\":{\"@type\":\"EntryPoint\",\"urlTemplate\":\"https:\\\/\\\/waaghaus.eu\\\/de\\\/?s={search_term_string}\"},\"query-input\":{\"@type\":\"PropertyValueSpecification\",\"valueRequired\":true,\"valueName\":\"search_term_string\"}}],\"inLanguage\":\"de\"}]}<\/script>\n<!-- \/ Yoast SEO plugin. -->","yoast_head_json":{"title":"Heinrich Haller: Der M\u00f6nch im Rosengarten - WAAG","robots":{"index":"index","follow":"follow","max-snippet":"max-snippet:-1","max-image-preview":"max-image-preview:large","max-video-preview":"max-video-preview:-1"},"canonical":"https:\/\/waaghaus.eu\/de\/events\/heinrich-haller-der-moench-im-rosengarten\/","og_locale":"de_DE","og_type":"article","og_title":"Heinrich Haller: Der M\u00f6nch im Rosengarten - WAAG","og_description":"Max Siller, Professor f\u00fcr germanistische Medi\u00e4vistik an der Universit\u00e4t Innsbruck (i.R.), wird in einer Gesamtschau die Person und das Wirken des im Mittelalter in der Kartause Schnals lebenden Kart\u00e4userm\u00f6nchs Heinrich Haller vorstellen. Als M\u00f6nch durfte er seine Zelle nicht verlassen, seine \u00dcbersetzungen f\u00fchrten ihn aber auf imaginierte Pilgerfahrten und phantastische Reisen in schreckliche wie auch [&hellip;]","og_url":"https:\/\/waaghaus.eu\/de\/events\/heinrich-haller-der-moench-im-rosengarten\/","og_site_name":"WAAG","article_modified_time":"2023-09-22T15:09:50+00:00","og_image":[{"width":1334,"height":1605,"url":"https:\/\/waaghaus.eu\/wp-content\/uploads\/2023\/09\/20230716_125801_Kreuzgang-blue-mystice_verkurzt-1.jpg","type":"image\/jpeg"}],"twitter_card":"summary_large_image","twitter_misc":{"Gesch\u00e4tzte Lesezeit":"1\u00a0Minute"},"schema":{"@context":"https:\/\/schema.org","@graph":[{"@type":"WebPage","@id":"https:\/\/waaghaus.eu\/de\/events\/heinrich-haller-der-moench-im-rosengarten\/","url":"https:\/\/waaghaus.eu\/de\/events\/heinrich-haller-der-moench-im-rosengarten\/","name":"Heinrich Haller: Der M\u00f6nch im Rosengarten - WAAG","isPartOf":{"@id":"https:\/\/waaghaus.eu\/de\/#website"},"primaryImageOfPage":{"@id":"https:\/\/waaghaus.eu\/de\/events\/heinrich-haller-der-moench-im-rosengarten\/#primaryimage"},"image":{"@id":"https:\/\/waaghaus.eu\/de\/events\/heinrich-haller-der-moench-im-rosengarten\/#primaryimage"},"thumbnailUrl":"https:\/\/waaghaus.eu\/wp-content\/uploads\/2023\/09\/20230716_125801_Kreuzgang-blue-mystice_verkurzt-1.jpg","datePublished":"2023-09-19T13:57:45+00:00","dateModified":"2023-09-22T15:09:50+00:00","breadcrumb":{"@id":"https:\/\/waaghaus.eu\/de\/events\/heinrich-haller-der-moench-im-rosengarten\/#breadcrumb"},"inLanguage":"de","potentialAction":[{"@type":"ReadAction","target":["https:\/\/waaghaus.eu\/de\/events\/heinrich-haller-der-moench-im-rosengarten\/"]}]},{"@type":"ImageObject","inLanguage":"de","@id":"https:\/\/waaghaus.eu\/de\/events\/heinrich-haller-der-moench-im-rosengarten\/#primaryimage","url":"https:\/\/waaghaus.eu\/wp-content\/uploads\/2023\/09\/20230716_125801_Kreuzgang-blue-mystice_verkurzt-1.jpg","contentUrl":"https:\/\/waaghaus.eu\/wp-content\/uploads\/2023\/09\/20230716_125801_Kreuzgang-blue-mystice_verkurzt-1.jpg","width":1334,"height":1605},{"@type":"BreadcrumbList","@id":"https:\/\/waaghaus.eu\/de\/events\/heinrich-haller-der-moench-im-rosengarten\/#breadcrumb","itemListElement":[{"@type":"ListItem","position":1,"name":"Home","item":"https:\/\/waaghaus.eu\/de\/"},{"@type":"ListItem","position":2,"name":"Events","item":"https:\/\/waaghaus.eu\/de\/events\/"},{"@type":"ListItem","position":3,"name":"Heinrich Haller: Der M\u00f6nch im Rosengarten"}]},{"@type":"WebSite","@id":"https:\/\/waaghaus.eu\/de\/#website","url":"https:\/\/waaghaus.eu\/de\/","name":"WAAG","description":" a space that is alive for free spirits","potentialAction":[{"@type":"SearchAction","target":{"@type":"EntryPoint","urlTemplate":"https:\/\/waaghaus.eu\/de\/?s={search_term_string}"},"query-input":{"@type":"PropertyValueSpecification","valueRequired":true,"valueName":"search_term_string"}}],"inLanguage":"de"}]}},"_links":{"self":[{"href":"https:\/\/waaghaus.eu\/de\/wp-json\/wp\/v2\/events\/3199","targetHints":{"allow":["GET"]}}],"collection":[{"href":"https:\/\/waaghaus.eu\/de\/wp-json\/wp\/v2\/events"}],"about":[{"href":"https:\/\/waaghaus.eu\/de\/wp-json\/wp\/v2\/types\/events"}],"wp:featuredmedia":[{"embeddable":true,"href":"https:\/\/waaghaus.eu\/de\/wp-json\/wp\/v2\/media\/3201"}],"wp:attachment":[{"href":"https:\/\/waaghaus.eu\/de\/wp-json\/wp\/v2\/media?parent=3199"}],"curies":[{"name":"wp","href":"https:\/\/api.w.org\/{rel}","templated":true}]}}

Heinrich Haller: Der Mönch im Rosengarten

<p>Max Siller, Professor für germanistische Mediävistik an der Universität Innsbruck (i.R.), wird in einer Gesamtschau die Person und das Wirken des im Mittelalter in der Kartause Schnals lebenden Kartäusermönchs Heinrich Haller vorstellen.<br />
Als Mönch durfte er seine Zelle nicht verlassen, seine Übersetzungen führten ihn aber auf imaginierte Pilgerfahrten und phantastische Reisen in schreckliche wie auch paradiesische Anderwelten.</p>
<p>Die Veranstaltung findet im Rahmen der Tagung „Heinrich Haller – ein Tiroler Mönch als Übersetzer“ statt, die vom Südtiroler Kulturinstitut veranstaltet wird; nur in deutscher Sprache!</p>
<p>Musikalische Begleitung: Ensemble Rosarum Flores, Innsbruck</p>

<p>Max Siller, Professor für germanistische Mediävistik an der Universität Innsbruck (i.R.), wird in einer Gesamtschau die Person und das Wirken des im Mittelalter in der Kartause Schnals lebenden Kartäusermönchs Heinrich Haller vorstellen. Als Mönch durfte er seine Zelle nicht verlassen, seine Übersetzungen führten ihn aber auf imaginierte Pilgerfahrten und phantastische Reisen in schreckliche wie auch [&hellip;]</p>

<!-- This site is optimized with the Yoast SEO plugin v27.5 - https://yoast.com/product/yoast-seo-wordpress/ -->
<title>Heinrich Haller: Der Mönch im Rosengarten - WAAG</title>
<meta name="robots" content="index, follow, max-snippet:-1, max-image-preview:large, max-video-preview:-1" />
<link rel="canonical" href="https://waaghaus.eu/de/events/heinrich-haller-der-moench-im-rosengarten/" />
<meta property="og:locale" content="de_DE" />
<meta property="og:type" content="article" />
<meta property="og:title" content="Heinrich Haller: Der Mönch im Rosengarten - WAAG" />
<meta property="og:description" content="Max Siller, Professor für germanistische Mediävistik an der Universität Innsbruck (i.R.), wird in einer Gesamtschau die Person und das Wirken des im Mittelalter in der Kartause Schnals lebenden Kartäusermönchs Heinrich Haller vorstellen. Als Mönch durfte er seine Zelle nicht verlassen, seine Übersetzungen führten ihn aber auf imaginierte Pilgerfahrten und phantastische Reisen in schreckliche wie auch [&hellip;]" />
<meta property="og:url" content="https://waaghaus.eu/de/events/heinrich-haller-der-moench-im-rosengarten/" />
<meta property="og:site_name" content="WAAG" />
<meta property="article:modified_time" content="2023-09-22T15:09:50+00:00" />
<meta property="og:image" content="https://waaghaus.eu/wp-content/uploads/2023/09/20230716_125801_Kreuzgang-blue-mystice_verkurzt-1.jpg" />
	<meta property="og:image:width" content="1334" />
	<meta property="og:image:height" content="1605" />
	<meta property="og:image:type" content="image/jpeg" />
<meta name="twitter:card" content="summary_large_image" />
<meta name="twitter:label1" content="Geschätzte Lesezeit" />
	<meta name="twitter:data1" content="1 Minute" />
<script type="application/ld+json" class="yoast-schema-graph">{"@context":"https:\/\/schema.org","@graph":[{"@type":"WebPage","@id":"https:\/\/waaghaus.eu\/de\/events\/heinrich-haller-der-moench-im-rosengarten\/","url":"https:\/\/waaghaus.eu\/de\/events\/heinrich-haller-der-moench-im-rosengarten\/","name":"Heinrich Haller: Der Mönch im Rosengarten - WAAG","isPartOf":{"@id":"https:\/\/waaghaus.eu\/de\/#website"},"primaryImageOfPage":{"@id":"https:\/\/waaghaus.eu\/de\/events\/heinrich-haller-der-moench-im-rosengarten\/#primaryimage"},"image":{"@id":"https:\/\/waaghaus.eu\/de\/events\/heinrich-haller-der-moench-im-rosengarten\/#primaryimage"},"thumbnailUrl":"https:\/\/waaghaus.eu\/wp-content\/uploads\/2023\/09\/20230716_125801_Kreuzgang-blue-mystice_verkurzt-1.jpg","datePublished":"2023-09-19T13:57:45+00:00","dateModified":"2023-09-22T15:09:50+00:00","breadcrumb":{"@id":"https:\/\/waaghaus.eu\/de\/events\/heinrich-haller-der-moench-im-rosengarten\/#breadcrumb"},"inLanguage":"de","potentialAction":[{"@type":"ReadAction","target":["https:\/\/waaghaus.eu\/de\/events\/heinrich-haller-der-moench-im-rosengarten\/"]}]},{"@type":"ImageObject","inLanguage":"de","@id":"https:\/\/waaghaus.eu\/de\/events\/heinrich-haller-der-moench-im-rosengarten\/#primaryimage","url":"https:\/\/waaghaus.eu\/wp-content\/uploads\/2023\/09\/20230716_125801_Kreuzgang-blue-mystice_verkurzt-1.jpg","contentUrl":"https:\/\/waaghaus.eu\/wp-content\/uploads\/2023\/09\/20230716_125801_Kreuzgang-blue-mystice_verkurzt-1.jpg","width":1334,"height":1605},{"@type":"BreadcrumbList","@id":"https:\/\/waaghaus.eu\/de\/events\/heinrich-haller-der-moench-im-rosengarten\/#breadcrumb","itemListElement":[{"@type":"ListItem","position":1,"name":"Home","item":"https:\/\/waaghaus.eu\/de\/"},{"@type":"ListItem","position":2,"name":"Events","item":"https:\/\/waaghaus.eu\/de\/events\/"},{"@type":"ListItem","position":3,"name":"Heinrich Haller: Der Mönch im Rosengarten"}]},{"@type":"WebSite","@id":"https:\/\/waaghaus.eu\/de\/#website","url":"https:\/\/waaghaus.eu\/de\/","name":"WAAG","description":" a space that is alive for free spirits","potentialAction":[{"@type":"SearchAction","target":{"@type":"EntryPoint","urlTemplate":"https:\/\/waaghaus.eu\/de\/?s={search_term_string}"},"query-input":{"@type":"PropertyValueSpecification","valueRequired":true,"valueName":"search_term_string"}}],"inLanguage":"de"}]}</script>
<!-- / Yoast SEO plugin. -->

Heinrich Haller: Der Mönch im Rosengarten - WAAG

Max Siller, Professor für germanistische Mediävistik an der Universität Innsbruck (i.R.), wird in einer Gesamtschau die Person und das Wirken des im Mittelalter in der Kartause Schnals lebenden Kartäusermönchs Heinrich Haller vorstellen. Als Mönch durfte er seine Zelle nicht verlassen, seine Übersetzungen führten ihn aber auf imaginierte Pilgerfahrten und phantastische Reisen in schreckliche wie auch [&hellip;]
