{"id":2576,"date":"2022-12-12T13:47:45","date_gmt":"2022-12-12T13:47:45","guid":{"rendered":"https:\/\/waaghaus.eu\/?post_type=events&#038;p=2576"},"modified":"2022-12-12T13:50:09","modified_gmt":"2022-12-12T13:50:09","slug":"super-social","status":"publish","type":"events","link":"https:\/\/waaghaus.eu\/de\/events\/super-social\/","title":{"rendered":"Super Social"},"content":{"rendered":"<p>SUPERSOCIAL ist eine der ersten \u00f6ffentlichen Veranstaltungen, die vom Kompetenzzentrum f\u00fcr wirtschaftliche, \u00f6kologische und soziale Nachhaltigkeit an der Freien Universit\u00e4t Bozen organisiert wird. Bei dieser Veranstaltung widmen wir den sozialen Aspekten von Design und Wirtschaft besondere Aufmerksamkeit auf dem Weg zu einer nachhaltigeren und inklusiven Gesellschaft, in der die Rolle eines jeden von uns gesch\u00e4tzt wird.<\/p>\n<p>SUPERSOCIAL findet in der WAAG statt, einem der beliebtesten Kulturr\u00e4ume S\u00fcdtirols, und beginnt mit einer Performance von Studio Gisto (Frantoio Sociale \/ vor Ort), gefolgt von drei Vortr\u00e4gen von Petra Janssen (Social Label \/ online), Rafa\u0142 Ko\u0142odziej (Futures Thinking \/ vor Ort) und Bernhard Lenger (The Social Design Lobby \/ online). Nach einer Fragerunde mit dem Publikum lassen wir den Abend im Waag-Caf\u00e9 ausklingen, wo wir uns treffen und Ideen austauschen k\u00f6nnen.<\/p>\n<p>Die Veranstaltung ist kostenlos, aber die Pl\u00e4tze sind begrenzt &#8211; bitte melden Sie sich daher im Voraus an.<\/p>\n<p>Wenn Sie nicht an der Veranstaltung teilnehmen k\u00f6nnen, aber danach gerne eine Zusammenfassung erhalten m\u00f6chten, senden Sie bitte eine E-Mail an\u00a0<a href=\"mailto:aart.vanbezooijen@unibz.it\">aart.vanbezooijen@unibz.it<\/a><\/p>\n","protected":false},"excerpt":{"rendered":"<p>SUPERSOCIAL ist eine der ersten \u00f6ffentlichen Veranstaltungen, die vom Kompetenzzentrum f\u00fcr wirtschaftliche, \u00f6kologische und soziale Nachhaltigkeit an der Freien Universit\u00e4t Bozen organisiert wird. Bei dieser Veranstaltung widmen wir den sozialen Aspekten von Design und Wirtschaft besondere Aufmerksamkeit auf dem Weg zu einer nachhaltigeren und inklusiven Gesellschaft, in der die Rolle eines jeden von uns gesch\u00e4tzt [&hellip;]<\/p>\n","protected":false},"featured_media":2573,"template":"","acf":[],"yoast_head":"<!-- This site is optimized with the Yoast SEO plugin v19.11 - https:\/\/yoast.com\/wordpress\/plugins\/seo\/ -->\n<title>Super Social - WAAG<\/title>\n<meta name=\"robots\" content=\"index, follow, max-snippet:-1, max-image-preview:large, max-video-preview:-1\" \/>\n<link rel=\"canonical\" href=\"https:\/\/waaghaus.eu\/de\/events\/super-social\/\" \/>\n<meta property=\"og:locale\" content=\"de_DE\" \/>\n<meta property=\"og:type\" content=\"article\" \/>\n<meta property=\"og:title\" content=\"Super Social - WAAG\" \/>\n<meta property=\"og:description\" content=\"SUPERSOCIAL ist eine der ersten \u00f6ffentlichen Veranstaltungen, die vom Kompetenzzentrum f\u00fcr wirtschaftliche, \u00f6kologische und soziale Nachhaltigkeit an der Freien Universit\u00e4t Bozen organisiert wird. Bei dieser Veranstaltung widmen wir den sozialen Aspekten von Design und Wirtschaft besondere Aufmerksamkeit auf dem Weg zu einer nachhaltigeren und inklusiven Gesellschaft, in der die Rolle eines jeden von uns gesch\u00e4tzt [&hellip;]\" \/>\n<meta property=\"og:url\" content=\"https:\/\/waaghaus.eu\/de\/events\/super-social\/\" \/>\n<meta property=\"og:site_name\" content=\"WAAG\" \/>\n<meta property=\"article:modified_time\" content=\"2022-12-12T13:50:09+00:00\" \/>\n<meta property=\"og:image\" content=\"https:\/\/waaghaus.eu\/wp-content\/uploads\/2022\/12\/grafik_insta-e1670852998260.jpg\" \/>\n\t<meta property=\"og:image:width\" content=\"1080\" \/>\n\t<meta property=\"og:image:height\" content=\"1080\" \/>\n\t<meta property=\"og:image:type\" content=\"image\/jpeg\" \/>\n<meta name=\"twitter:card\" content=\"summary_large_image\" \/>\n<meta name=\"twitter:label1\" content=\"Gesch\u00e4tzte Lesezeit\" \/>\n\t<meta name=\"twitter:data1\" content=\"1\u00a0Minute\" \/>\n<script type=\"application\/ld+json\" class=\"yoast-schema-graph\">{\"@context\":\"https:\/\/schema.org\",\"@graph\":[{\"@type\":\"WebPage\",\"@id\":\"https:\/\/waaghaus.eu\/de\/events\/super-social\/\",\"url\":\"https:\/\/waaghaus.eu\/de\/events\/super-social\/\",\"name\":\"Super Social - WAAG\",\"isPartOf\":{\"@id\":\"https:\/\/waaghaus.eu\/de\/#website\"},\"datePublished\":\"2022-12-12T13:47:45+00:00\",\"dateModified\":\"2022-12-12T13:50:09+00:00\",\"breadcrumb\":{\"@id\":\"https:\/\/waaghaus.eu\/de\/events\/super-social\/#breadcrumb\"},\"inLanguage\":\"de\",\"potentialAction\":[{\"@type\":\"ReadAction\",\"target\":[\"https:\/\/waaghaus.eu\/de\/events\/super-social\/\"]}]},{\"@type\":\"BreadcrumbList\",\"@id\":\"https:\/\/waaghaus.eu\/de\/events\/super-social\/#breadcrumb\",\"itemListElement\":[{\"@type\":\"ListItem\",\"position\":1,\"name\":\"Home\",\"item\":\"https:\/\/waaghaus.eu\/de\/\"},{\"@type\":\"ListItem\",\"position\":2,\"name\":\"Events\",\"item\":\"https:\/\/waaghaus.eu\/de\/events\/\"},{\"@type\":\"ListItem\",\"position\":3,\"name\":\"Super Social\"}]},{\"@type\":\"WebSite\",\"@id\":\"https:\/\/waaghaus.eu\/de\/#website\",\"url\":\"https:\/\/waaghaus.eu\/de\/\",\"name\":\"WAAG\",\"description\":\" a space that is alive for free spirits\",\"potentialAction\":[{\"@type\":\"SearchAction\",\"target\":{\"@type\":\"EntryPoint\",\"urlTemplate\":\"https:\/\/waaghaus.eu\/de\/?s={search_term_string}\"},\"query-input\":\"required name=search_term_string\"}],\"inLanguage\":\"de\"}]}<\/script>\n<!-- \/ Yoast SEO plugin. -->","yoast_head_json":{"title":"Super Social - WAAG","robots":{"index":"index","follow":"follow","max-snippet":"max-snippet:-1","max-image-preview":"max-image-preview:large","max-video-preview":"max-video-preview:-1"},"canonical":"https:\/\/waaghaus.eu\/de\/events\/super-social\/","og_locale":"de_DE","og_type":"article","og_title":"Super Social - WAAG","og_description":"SUPERSOCIAL ist eine der ersten \u00f6ffentlichen Veranstaltungen, die vom Kompetenzzentrum f\u00fcr wirtschaftliche, \u00f6kologische und soziale Nachhaltigkeit an der Freien Universit\u00e4t Bozen organisiert wird. Bei dieser Veranstaltung widmen wir den sozialen Aspekten von Design und Wirtschaft besondere Aufmerksamkeit auf dem Weg zu einer nachhaltigeren und inklusiven Gesellschaft, in der die Rolle eines jeden von uns gesch\u00e4tzt [&hellip;]","og_url":"https:\/\/waaghaus.eu\/de\/events\/super-social\/","og_site_name":"WAAG","article_modified_time":"2022-12-12T13:50:09+00:00","og_image":[{"width":1080,"height":1080,"url":"https:\/\/waaghaus.eu\/wp-content\/uploads\/2022\/12\/grafik_insta-e1670852998260.jpg","type":"image\/jpeg"}],"twitter_card":"summary_large_image","twitter_misc":{"Gesch\u00e4tzte Lesezeit":"1\u00a0Minute"},"schema":{"@context":"https:\/\/schema.org","@graph":[{"@type":"WebPage","@id":"https:\/\/waaghaus.eu\/de\/events\/super-social\/","url":"https:\/\/waaghaus.eu\/de\/events\/super-social\/","name":"Super Social - WAAG","isPartOf":{"@id":"https:\/\/waaghaus.eu\/de\/#website"},"datePublished":"2022-12-12T13:47:45+00:00","dateModified":"2022-12-12T13:50:09+00:00","breadcrumb":{"@id":"https:\/\/waaghaus.eu\/de\/events\/super-social\/#breadcrumb"},"inLanguage":"de","potentialAction":[{"@type":"ReadAction","target":["https:\/\/waaghaus.eu\/de\/events\/super-social\/"]}]},{"@type":"BreadcrumbList","@id":"https:\/\/waaghaus.eu\/de\/events\/super-social\/#breadcrumb","itemListElement":[{"@type":"ListItem","position":1,"name":"Home","item":"https:\/\/waaghaus.eu\/de\/"},{"@type":"ListItem","position":2,"name":"Events","item":"https:\/\/waaghaus.eu\/de\/events\/"},{"@type":"ListItem","position":3,"name":"Super Social"}]},{"@type":"WebSite","@id":"https:\/\/waaghaus.eu\/de\/#website","url":"https:\/\/waaghaus.eu\/de\/","name":"WAAG","description":" a space that is alive for free spirits","potentialAction":[{"@type":"SearchAction","target":{"@type":"EntryPoint","urlTemplate":"https:\/\/waaghaus.eu\/de\/?s={search_term_string}"},"query-input":"required name=search_term_string"}],"inLanguage":"de"}]}},"_links":{"self":[{"href":"https:\/\/waaghaus.eu\/de\/wp-json\/wp\/v2\/events\/2576"}],"collection":[{"href":"https:\/\/waaghaus.eu\/de\/wp-json\/wp\/v2\/events"}],"about":[{"href":"https:\/\/waaghaus.eu\/de\/wp-json\/wp\/v2\/types\/events"}],"wp:featuredmedia":[{"embeddable":true,"href":"https:\/\/waaghaus.eu\/de\/wp-json\/wp\/v2\/media\/2573"}],"wp:attachment":[{"href":"https:\/\/waaghaus.eu\/de\/wp-json\/wp\/v2\/media?parent=2576"}],"curies":[{"name":"wp","href":"https:\/\/api.w.org\/{rel}","templated":true}]}}

<p>SUPERSOCIAL ist eine der ersten öffentlichen Veranstaltungen, die vom Kompetenzzentrum für wirtschaftliche, ökologische und soziale Nachhaltigkeit an der Freien Universität Bozen organisiert wird. Bei dieser Veranstaltung widmen wir den sozialen Aspekten von Design und Wirtschaft besondere Aufmerksamkeit auf dem Weg zu einer nachhaltigeren und inklusiven Gesellschaft, in der die Rolle eines jeden von uns geschätzt wird.</p>
<p>SUPERSOCIAL findet in der WAAG statt, einem der beliebtesten Kulturräume Südtirols, und beginnt mit einer Performance von Studio Gisto (Frantoio Sociale / vor Ort), gefolgt von drei Vorträgen von Petra Janssen (Social Label / online), Rafał Kołodziej (Futures Thinking / vor Ort) und Bernhard Lenger (The Social Design Lobby / online). Nach einer Fragerunde mit dem Publikum lassen wir den Abend im Waag-Café ausklingen, wo wir uns treffen und Ideen austauschen können.</p>
<p>Die Veranstaltung ist kostenlos, aber die Plätze sind begrenzt &#8211; bitte melden Sie sich daher im Voraus an.</p>
<p>Wenn Sie nicht an der Veranstaltung teilnehmen können, aber danach gerne eine Zusammenfassung erhalten möchten, senden Sie bitte eine E-Mail an <a href="mailto:aart.vanbezooijen@unibz.it">aart.vanbezooijen@unibz.it</a></p>

<p>SUPERSOCIAL ist eine der ersten öffentlichen Veranstaltungen, die vom Kompetenzzentrum für wirtschaftliche, ökologische und soziale Nachhaltigkeit an der Freien Universität Bozen organisiert wird. Bei dieser Veranstaltung widmen wir den sozialen Aspekten von Design und Wirtschaft besondere Aufmerksamkeit auf dem Weg zu einer nachhaltigeren und inklusiven Gesellschaft, in der die Rolle eines jeden von uns geschätzt [&hellip;]</p>

<!-- This site is optimized with the Yoast SEO plugin v19.11 - https://yoast.com/wordpress/plugins/seo/ -->
<title>Super Social - WAAG</title>
<meta name="robots" content="index, follow, max-snippet:-1, max-image-preview:large, max-video-preview:-1" />
<link rel="canonical" href="https://waaghaus.eu/de/events/super-social/" />
<meta property="og:locale" content="de_DE" />
<meta property="og:type" content="article" />
<meta property="og:title" content="Super Social - WAAG" />
<meta property="og:description" content="SUPERSOCIAL ist eine der ersten öffentlichen Veranstaltungen, die vom Kompetenzzentrum für wirtschaftliche, ökologische und soziale Nachhaltigkeit an der Freien Universität Bozen organisiert wird. Bei dieser Veranstaltung widmen wir den sozialen Aspekten von Design und Wirtschaft besondere Aufmerksamkeit auf dem Weg zu einer nachhaltigeren und inklusiven Gesellschaft, in der die Rolle eines jeden von uns geschätzt [&hellip;]" />
<meta property="og:url" content="https://waaghaus.eu/de/events/super-social/" />
<meta property="og:site_name" content="WAAG" />
<meta property="article:modified_time" content="2022-12-12T13:50:09+00:00" />
<meta property="og:image" content="https://waaghaus.eu/wp-content/uploads/2022/12/grafik_insta-e1670852998260.jpg" />
	<meta property="og:image:width" content="1080" />
	<meta property="og:image:height" content="1080" />
	<meta property="og:image:type" content="image/jpeg" />
<meta name="twitter:card" content="summary_large_image" />
<meta name="twitter:label1" content="Geschätzte Lesezeit" />
	<meta name="twitter:data1" content="1 Minute" />
<script type="application/ld+json" class="yoast-schema-graph">{"@context":"https://schema.org","@graph":[{"@type":"WebPage","@id":"https://waaghaus.eu/de/events/super-social/","url":"https://waaghaus.eu/de/events/super-social/","name":"Super Social - WAAG","isPartOf":{"@id":"https://waaghaus.eu/de/#website"},"datePublished":"2022-12-12T13:47:45+00:00","dateModified":"2022-12-12T13:50:09+00:00","breadcrumb":{"@id":"https://waaghaus.eu/de/events/super-social/#breadcrumb"},"inLanguage":"de","potentialAction":[{"@type":"ReadAction","target":["https://waaghaus.eu/de/events/super-social/"]}]},{"@type":"BreadcrumbList","@id":"https://waaghaus.eu/de/events/super-social/#breadcrumb","itemListElement":[{"@type":"ListItem","position":1,"name":"Home","item":"https://waaghaus.eu/de/"},{"@type":"ListItem","position":2,"name":"Events","item":"https://waaghaus.eu/de/events/"},{"@type":"ListItem","position":3,"name":"Super Social"}]},{"@type":"WebSite","@id":"https://waaghaus.eu/de/#website","url":"https://waaghaus.eu/de/","name":"WAAG","description":" a space that is alive for free spirits","potentialAction":[{"@type":"SearchAction","target":{"@type":"EntryPoint","urlTemplate":"https://waaghaus.eu/de/?s={search_term_string}"},"query-input":"required name=search_term_string"}],"inLanguage":"de"}]}</script>
<!-- / Yoast SEO plugin. -->

SUPERSOCIAL ist eine der ersten öffentlichen Veranstaltungen, die vom Kompetenzzentrum für wirtschaftliche, ökologische und soziale Nachhaltigkeit an der Freien Universität Bozen organisiert wird. Bei dieser Veranstaltung widmen wir den sozialen Aspekten von Design und Wirtschaft besondere Aufmerksamkeit auf dem Weg zu einer nachhaltigeren und inklusiven Gesellschaft, in der die Rolle eines jeden von uns geschätzt [&hellip;]
