{"version":"1.0","provider_name":"WAAG","provider_url":"https:\/\/waaghaus.eu\/de\/","author_name":"waag waag","author_url":"https:\/\/waaghaus.eu\/de\/author\/waag\/","title":"Euregio Kulturdonnerstag - WAAG","type":"rich","width":600,"height":338,"html":"<blockquote class=\"wp-embedded-content\" data-secret=\"sLO0gA12TN\"><a href=\"https:\/\/waaghaus.eu\/de\/events\/euregio-kulturdonnerstag\/\">Euregio Kulturdonnerstag<\/a><\/blockquote><iframe sandbox=\"allow-scripts\" security=\"restricted\" src=\"https:\/\/waaghaus.eu\/de\/events\/euregio-kulturdonnerstag\/embed\/#?secret=sLO0gA12TN\" width=\"600\" height=\"338\" title=\"&#8222;Euregio Kulturdonnerstag&#8220; &#8211; WAAG\" data-secret=\"sLO0gA12TN\" frameborder=\"0\" marginwidth=\"0\" marginheight=\"0\" scrolling=\"no\" class=\"wp-embedded-content\"><\/iframe><script>\n\/*! This file is auto-generated *\/\n!function(d,l){\"use strict\";l.querySelector&&d.addEventListener&&\"undefined\"!=typeof URL&&(d.wp=d.wp||{},d.wp.receiveEmbedMessage||(d.wp.receiveEmbedMessage=function(e){var t=e.data;if((t||t.secret||t.message||t.value)&&!\/[^a-zA-Z0-9]\/.test(t.secret)){for(var s,r,n,a=l.querySelectorAll('iframe[data-secret=\"'+t.secret+'\"]'),o=l.querySelectorAll('blockquote[data-secret=\"'+t.secret+'\"]'),c=new RegExp(\"^https?:$\",\"i\"),i=0;i<o.length;i++)o[i].style.display=\"none\";for(i=0;i<a.length;i++)s=a[i],e.source===s.contentWindow&&(s.removeAttribute(\"style\"),\"height\"===t.message?(1e3<(r=parseInt(t.value,10))?r=1e3:~~r<200&&(r=200),s.height=r):\"link\"===t.message&&(r=new URL(s.getAttribute(\"src\")),n=new URL(t.value),c.test(n.protocol))&&n.host===r.host&&l.activeElement===s&&(d.top.location.href=t.value))}},d.addEventListener(\"message\",d.wp.receiveEmbedMessage,!1),l.addEventListener(\"DOMContentLoaded\",function(){for(var e,t,s=l.querySelectorAll(\"iframe.wp-embedded-content\"),r=0;r<s.length;r++)(t=(e=s[r]).getAttribute(\"data-secret\"))||(t=Math.random().toString(36).substring(2,12),e.src+=\"#?secret=\"+t,e.setAttribute(\"data-secret\",t)),e.contentWindow.postMessage({message:\"ready\",secret:t},\"*\")},!1)))}(window,document);\n\/\/# sourceURL=https:\/\/waaghaus.eu\/wp-includes\/js\/wp-embed.min.js\n<\/script>\n","thumbnail_url":"https:\/\/waaghaus.eu\/wp-content\/uploads\/2022\/05\/0001-edited.jpg","thumbnail_width":2481,"thumbnail_height":2481,"description":"Wendelin Weingartner, Tiroler Landeshauptmann von 1993 bis 2002, gibt Einblicke in die Anf\u00e4nge und Entwicklung der Europaregion und spricht mit Matthias Fink vom Generalsekretariat der Euregio \u00fcber die Bedeutung der europ\u00e4ischen Integration f\u00fcr die grenz\u00fcberschreitende Zusammenarbeit im Tiroler Raum."}

Wendelin Weingartner, Tiroler Landeshauptmann von 1993 bis 2002, gibt Einblicke in die Anfänge und Entwicklung der Europaregion und spricht mit Matthias Fink vom Generalsekretariat der Euregio über die Bedeutung der europäischen Integration für die grenzüberschreitende Zusammenarbeit im Tiroler Raum.
